{"id":1604,"date":"2019-12-10T23:08:19","date_gmt":"2019-12-11T02:08:19","guid":{"rendered":"https:\/\/istoledo-cba.infd.edu.ar\/sitio\/?page_id=1604"},"modified":"2026-03-12T16:24:26","modified_gmt":"2026-03-12T19:24:26","slug":"acuerdos-institucionales-de-convivencia","status":"publish","type":"page","link":"https:\/\/istoledo-cba.infd.edu.ar\/sitio\/acuerdos-institucionales-de-convivencia\/","title":{"rendered":"ACUERDOS INSTITUCIONALES DE CONVIVENCIA"},"content":{"rendered":"<div>Esta es la<strong> versi\u00f3n \u00faltima del DOCUMENTO INSTITUCIONAL de los A.I.C<\/strong>, siguiendo el formato expresado en el Anexo I de la Res. 570\/2019, APROBADA por el Consejo Institucional en su \u00faltima sesi\u00f3n el 04 de diciembre\/2023.<\/div>\n<div>Este documento \u00ababierto\u00bb surge del <strong>PROCESO DE REVISI\u00d3N COLECTIVA DE LA VERSI\u00d3N 2019<\/strong>\u00a0 que se inici\u00f3 en el mes de agosto del corriente. En dicho proceso particip\u00f3 toda la Comunidad Educativa del Instituto &#8211; Sede Jes\u00fas Mar\u00eda, Anexo Sebasti\u00e1n Elcano y la Extensi\u00f3n \u00c1ulica San Francisco del Cha\u00f1ar- coordinado por la Coordinadora de Pol\u00edticas Estudiantiles &#8211; Lic. Mar\u00eda Soledad Castillo.\u00a0 Sin embargo, su escritura final fue asumida por una Comisi\u00f3n Ad Hoc <span style=\"font-size: revert;\">integrada por la Directora, la CIPE, los\/as distintos\/as representantes estudiantiles de las Carreras y en representaci\u00f3n del colectivo docente la Coordinadora Prof. Mariana Ju\u00e1rez, qui\u00e9n tambi\u00e9n hab\u00eda participado de la primera Comisi\u00f3n 2019. <\/span><\/div>\n<div><span style=\"font-size: revert;\"><span style=\"font-size: revert;\">En la versi\u00f3n diciembre 2023, presentada ante las dos Inspecciones de Zona DGES y DGETyP el d\u00eda 28 de diciembre de 2023, <span style=\"font-size: revert;\">incluyen nuevos conceptos para dar cuenta de los escenarios actuales, tales como <\/span><strong style=\"font-size: revert;\">civismo digital<\/strong><span style=\"font-size: revert;\">, <\/span><strong style=\"font-size: revert;\">la comunicaci\u00f3n asertiva<\/strong><span style=\"font-size: revert;\"> como pr\u00e1ctica social que rigen todas las relaciones institucionales e interinstitucionales y <\/span><strong style=\"font-size: revert;\">la empat\u00eda<\/strong><span style=\"font-size: revert;\"> como valor y pr\u00e1ctica a promover\/ ejercitar en todos los v\u00ednculos que se establezcan.<\/span><br \/><\/span><\/span><\/div>\n<div>\u00a0<\/div>\n<div>En el ciclo lectivo 2024 y en el marco de la Escuela Posible, este documento \u00abvivo\u00bb nuevamente fue revisado colectivamente, dando a luz la \u00faltima versi\u00f3n, presentada a las Inspecciones y equipos t\u00e9cnicos a fines de octubre de 2024.<\/div>\n<div>\u00a0<\/div>\n<div>Agradecemos por el valioso aporte y compromiso de cada una\/o, en la tarea de construir colectivamente el mejor ambiente para aprender y ense\u00f1ar.<\/div>\n<div>\u00a0<\/div>\n<div><img decoding=\"async\" loading=\"lazy\" class=\" alignnone\" src=\"https:\/\/w7.pngwing.com\/pngs\/135\/926\/png-transparent-computer-icons-file-folders-important-notice-miscellaneous-angle-triangle-thumbnail.png\" width=\"38\" height=\"38\" \/> <a href=\"https:\/\/drive.google.com\/file\/d\/19TW8QgPMPsxTFflUQWCRG9ky-45dIzIG\/view?usp=sharing\" target=\"_blank\" rel=\"noopener\"><strong>IS ZARELA MOYANO DE TOLEDO- A.I.C. &#8211; versi\u00f3n julio 2025 &#8211; Resoluci\u00f3n<\/strong><\/a><\/div>\n<div>\u00a0<\/div>\n<div>\u00a0<\/div>\n\n<div class=\"wp-block-image\">\n<figure class=\"aligncenter size-large is-resized\"><img decoding=\"async\" loading=\"lazy\" src=\"https:\/\/istoledo-cba.infd.edu.ar\/sitio\/wp-content\/uploads\/2023\/12\/Ensamble-AIC-2_page-0001-1900x1343.jpg\" alt=\"\" class=\"wp-image-3567\" width=\"944\" height=\"666\" srcset=\"https:\/\/istoledo-cba.infd.edu.ar\/sitio\/wp-content\/uploads\/2023\/12\/Ensamble-AIC-2_page-0001-1900x1343.jpg 1900w, https:\/\/istoledo-cba.infd.edu.ar\/sitio\/wp-content\/uploads\/2023\/12\/Ensamble-AIC-2_page-0001-1000x707.jpg 1000w, https:\/\/istoledo-cba.infd.edu.ar\/sitio\/wp-content\/uploads\/2023\/12\/Ensamble-AIC-2_page-0001-768x543.jpg 768w, https:\/\/istoledo-cba.infd.edu.ar\/sitio\/wp-content\/uploads\/2023\/12\/Ensamble-AIC-2_page-0001-1536x1086.jpg 1536w, https:\/\/istoledo-cba.infd.edu.ar\/sitio\/wp-content\/uploads\/2023\/12\/Ensamble-AIC-2_page-0001-2048x1448.jpg 2048w\" sizes=\"(max-width: 944px) 100vw, 944px\" \/><\/figure><\/div>\n\n\n<p class=\"has-text-align-center\">Registro gr\u00e1fico realizada por la CIPE -Lic. Mar\u00eda Soledad Castillo.-<\/p>\n","protected":false},"excerpt":{"rendered":"<p>Esta es la versi\u00f3n \u00faltima del DOCUMENTO INSTITUCIONAL de los A.I.C, siguiendo el formato expresado en el Anexo I de la Res. 570\/2019, APROBADA por el Consejo Institucional en su \u00faltima sesi\u00f3n el 04 de diciembre\/2023. Este documento \u00ababierto\u00bb surge del PROCESO DE REVISI\u00d3N COLECTIVA DE LA VERSI\u00d3N 2019\u00a0 que se inici\u00f3 en el mes &#8230; <a title=\"ACUERDOS INSTITUCIONALES DE CONVIVENCIA\" class=\"read-more\" href=\"https:\/\/istoledo-cba.infd.edu.ar\/sitio\/acuerdos-institucionales-de-convivencia\/\" aria-label=\"More on ACUERDOS INSTITUCIONALES DE CONVIVENCIA\">[+]<\/a><\/p>\n","protected":false},"author":753,"featured_media":0,"parent":0,"menu_order":0,"comment_status":"closed","ping_status":"closed","template":"","meta":[],"acf":[],"_links":{"self":[{"href":"https:\/\/istoledo-cba.infd.edu.ar\/sitio\/wp-json\/wp\/v2\/pages\/1604"}],"collection":[{"href":"https:\/\/istoledo-cba.infd.edu.ar\/sitio\/wp-json\/wp\/v2\/pages"}],"about":[{"href":"https:\/\/istoledo-cba.infd.edu.ar\/sitio\/wp-json\/wp\/v2\/types\/page"}],"author":[{"embeddable":true,"href":"https:\/\/istoledo-cba.infd.edu.ar\/sitio\/wp-json\/wp\/v2\/users\/753"}],"replies":[{"embeddable":true,"href":"https:\/\/istoledo-cba.infd.edu.ar\/sitio\/wp-json\/wp\/v2\/comments?post=1604"}],"version-history":[{"count":6,"href":"https:\/\/istoledo-cba.infd.edu.ar\/sitio\/wp-json\/wp\/v2\/pages\/1604\/revisions"}],"predecessor-version":[{"id":4134,"href":"https:\/\/istoledo-cba.infd.edu.ar\/sitio\/wp-json\/wp\/v2\/pages\/1604\/revisions\/4134"}],"wp:attachment":[{"href":"https:\/\/istoledo-cba.infd.edu.ar\/sitio\/wp-json\/wp\/v2\/media?parent=1604"}],"curies":[{"name":"wp","href":"https:\/\/api.w.org\/{rel}","templated":true}]}}