{"id":1687,"date":"2020-03-05T22:55:05","date_gmt":"2020-03-06T01:55:05","guid":{"rendered":"https:\/\/istoledo-cba.infd.edu.ar\/sitio\/?page_id=1687"},"modified":"2022-07-05T11:29:59","modified_gmt":"2022-07-05T14:29:59","slug":"cambio-de-plan-de-estudios","status":"publish","type":"page","link":"https:\/\/istoledo-cba.infd.edu.ar\/sitio\/cambio-de-plan-de-estudios\/","title":{"rendered":"CAMBIO DE PLAN DE ESTUDIOS"},"content":{"rendered":"<p><img decoding=\"async\" loading=\"lazy\" class=\"wp-image-2069 aligncenter\" src=\"https:\/\/istoledo-cba.infd.edu.ar\/sitio\/wp-content\/uploads\/2021\/03\/AVISO-IMPORTANTE.jpg\" alt=\"\" width=\"323\" height=\"265\" \/><\/p>\n<p>Seg\u00fan las Orientaciones recibidas durante el tiempo de Aislamiento Social en el contexto de Pandemia por COVID-19, SE CONVINO:<\/p>\n<h5><strong>Prorrogar, por el t\u00e9rmino de (1) UN a\u00f1o acad\u00e9mico<\/strong>, la vigencia de los planes de\u00a0estudio:<br \/>\n&#x25aa; . PEI RM N\u00b0 628\/08<br \/>\n&#x25aa; . PEP RM N\u00b0 628\/08<br \/>\n&#x25aa; . PESec. en Biolog\u00eda RM N\u00b0 94\/11<br \/>\n&#x25aa; . PESec. en Matem\u00e1tica RM N\u00b0 94\/11<br \/>\n&#x25aa; . PESec. en Qu\u00edmica RM N\u00b0 94\/11<br \/>\n&#x25aa; . PESec. en F\u00edsica RM N\u00b0 94\/11<\/h5>\n<h5>L@s beneficiari@s exclusivamente aquell@s estudiantes de los planes antes citados que optaron por permanecer en los mismos.<\/h5>\n<h5><strong><img decoding=\"async\" loading=\"lazy\" class=\"size-full wp-image-2215 alignleft\" src=\"https:\/\/istoledo-cba.infd.edu.ar\/sitio\/wp-content\/uploads\/2021\/10\/BAJO-ADVERTENCIA.png\" alt=\"\" width=\"234\" height=\"216\" \/><\/strong><\/h5>\n<h5><\/h5>\n<h5><strong>La caducidad <span style=\"color: #ff0000;\">SE PRODUJO AL FINALIZAR el turno de examen de febrero-marzo <\/span><\/strong><span style=\"color: #ff0000;\"><strong>del a\u00f1o 2022<\/strong>. <span style=\"color: #000000;\">Por tal motivo, quienes pertenezcan a cohortes anteriores al 2015 (hasta 2014 inclusive) y deseen retomar sus estudios<\/span> DEBER\u00c1N SOLICITAR CAMBIO DE PLAN DE ESTUDIO.<\/span><\/h5>\n<h5><\/h5>\n<p><img decoding=\"async\" loading=\"lazy\" class=\"wp-image-2753  aligncenter\" src=\"https:\/\/istoledo-cba.infd.edu.ar\/sitio\/wp-content\/uploads\/2022\/07\/CAMBIO-DE-ESTUDIO-1000x692.jpg\" alt=\"\" width=\"808\" height=\"559\" srcset=\"https:\/\/istoledo-cba.infd.edu.ar\/sitio\/wp-content\/uploads\/2022\/07\/CAMBIO-DE-ESTUDIO-1000x692.jpg 1000w, https:\/\/istoledo-cba.infd.edu.ar\/sitio\/wp-content\/uploads\/2022\/07\/CAMBIO-DE-ESTUDIO-768x532.jpg 768w, https:\/\/istoledo-cba.infd.edu.ar\/sitio\/wp-content\/uploads\/2022\/07\/CAMBIO-DE-ESTUDIO.jpg 1040w\" sizes=\"(max-width: 808px) 100vw, 808px\" \/><\/p>\n<p><strong><span style=\"color: #99cc00;\">&#x2666;\u00a0<a style=\"color: #99cc00;\" href=\"https:\/\/istoledo-cba.infd.edu.ar\/sitio\/wp-content\/uploads\/2020\/03\/OBSERVACIONES-IMPORTANTES.pdf\" target=\"_blank\" rel=\"noopener\">OBSERVACIONES IMPORTANTES<\/a><\/span><\/strong><\/p>\n<ul>\n<li><a href=\"https:\/\/istoledo-cba.infd.edu.ar\/sitio\/wp-content\/uploads\/2020\/03\/NOTA-SOLICITUD-DE-CAMBIO-DE-PLAN-DE-ESTUDIO-ESTUDIANTES-P.E.I-P.E.P.docx\" target=\"_blank\" rel=\"noopener\">NOTA SOLICITUD DE CAMBIO DE PLAN DE ESTUDIO- ESTUDIANTES P.E.I &#8211; P.E.P<\/a><\/li>\n<li><a href=\"https:\/\/istoledo-cba.infd.edu.ar\/sitio\/wp-content\/uploads\/2020\/03\/NOTA-SOLICITUD-DE-CAMBIO-DE-PLAN-DE-ESTUDIO-ESTUDIANTES-P.MAT_..docx\" target=\"_blank\" rel=\"noopener\">NOTA SOLICITUD DE CAMBIO DE PLAN DE ESTUDIO- ESTUDIANTES P.MAT.<\/a><\/li>\n<li><a href=\"https:\/\/istoledo-cba.infd.edu.ar\/sitio\/wp-content\/uploads\/2020\/03\/SOLICITUD-EQUIVALENCIAS-INICIAL.docx\" target=\"_blank\" rel=\"noopener\">SOLICITUD EQUIVALENCIAS INICIAL<\/a><\/li>\n<li><a href=\"https:\/\/istoledo-cba.infd.edu.ar\/sitio\/wp-content\/uploads\/2020\/03\/SOLICITUD-EQUIVALENCIAS-PRIMARIA.docx\" target=\"_blank\" rel=\"noopener\">SOLICITUD EQUIVALENCIAS PRIMARIA<\/a><\/li>\n<li><a href=\"https:\/\/istoledo-cba.infd.edu.ar\/sitio\/wp-content\/uploads\/2020\/03\/SOLICITUD-EQUIVALENCIAS-MATEMATICA.docx\" target=\"_blank\" rel=\"noopener\">SOLICITUD EQUIVALENCIAS MATEMATICA<\/a><\/li>\n<li><a href=\"https:\/\/istoledo-cba.infd.edu.ar\/sitio\/wp-content\/uploads\/2020\/03\/FICHA-PARA-USO-DOCENTE.docx\" target=\"_blank\" rel=\"noopener\">FICHA PARA USO DOCENTE<\/a><\/li>\n<li><a href=\"https:\/\/istoledo-cba.infd.edu.ar\/sitio\/wp-content\/uploads\/2020\/03\/FICHA-PARA-USO-DE-DIRECCION.docx\" target=\"_blank\" rel=\"noopener\">FICHA PARA USO DE DIRECCION<\/a><\/li>\n<\/ul>\n","protected":false},"excerpt":{"rendered":"<p>Seg\u00fan las Orientaciones recibidas durante el tiempo de Aislamiento Social en el contexto de Pandemia por COVID-19, SE CONVINO: Prorrogar, por el t\u00e9rmino de (1) UN a\u00f1o acad\u00e9mico, la vigencia de los planes de\u00a0estudio: &#x25aa; . PEI RM N\u00b0 628\/08 &#x25aa; . PEP RM N\u00b0 628\/08 &#x25aa; . PESec. en Biolog\u00eda RM N\u00b0 94\/11 &#x25aa; &#8230; <a title=\"CAMBIO DE PLAN DE ESTUDIOS\" class=\"read-more\" href=\"https:\/\/istoledo-cba.infd.edu.ar\/sitio\/cambio-de-plan-de-estudios\/\" aria-label=\"More on CAMBIO DE PLAN DE ESTUDIOS\">[+]<\/a><\/p>\n","protected":false},"author":753,"featured_media":0,"parent":0,"menu_order":0,"comment_status":"closed","ping_status":"closed","template":"","meta":[],"acf":[],"_links":{"self":[{"href":"https:\/\/istoledo-cba.infd.edu.ar\/sitio\/wp-json\/wp\/v2\/pages\/1687"}],"collection":[{"href":"https:\/\/istoledo-cba.infd.edu.ar\/sitio\/wp-json\/wp\/v2\/pages"}],"about":[{"href":"https:\/\/istoledo-cba.infd.edu.ar\/sitio\/wp-json\/wp\/v2\/types\/page"}],"author":[{"embeddable":true,"href":"https:\/\/istoledo-cba.infd.edu.ar\/sitio\/wp-json\/wp\/v2\/users\/753"}],"replies":[{"embeddable":true,"href":"https:\/\/istoledo-cba.infd.edu.ar\/sitio\/wp-json\/wp\/v2\/comments?post=1687"}],"version-history":[{"count":8,"href":"https:\/\/istoledo-cba.infd.edu.ar\/sitio\/wp-json\/wp\/v2\/pages\/1687\/revisions"}],"predecessor-version":[{"id":2755,"href":"https:\/\/istoledo-cba.infd.edu.ar\/sitio\/wp-json\/wp\/v2\/pages\/1687\/revisions\/2755"}],"wp:attachment":[{"href":"https:\/\/istoledo-cba.infd.edu.ar\/sitio\/wp-json\/wp\/v2\/media?parent=1687"}],"curies":[{"name":"wp","href":"https:\/\/api.w.org\/{rel}","templated":true}]}}