{"id":1940,"date":"2020-11-17T18:02:43","date_gmt":"2020-11-17T21:02:43","guid":{"rendered":"https:\/\/istoledo-cba.infd.edu.ar\/sitio\/?page_id=1940"},"modified":"2026-03-12T08:59:39","modified_gmt":"2026-03-12T11:59:39","slug":"in-memoriam","status":"publish","type":"page","link":"https:\/\/istoledo-cba.infd.edu.ar\/sitio\/in-memoriam\/","title":{"rendered":"In Memoriam&#8230;"},"content":{"rendered":"\n<figure class=\"wp-block-image size-full is-resized\"><img decoding=\"async\" loading=\"lazy\" src=\"https:\/\/istoledo-cba.infd.edu.ar\/sitio\/wp-content\/uploads\/2026\/03\/WhatsApp-Image-2026-03-12-at-08.50.44.jpeg\" alt=\"\" class=\"wp-image-4129\" width=\"1019\" height=\"722\" srcset=\"https:\/\/istoledo-cba.infd.edu.ar\/sitio\/wp-content\/uploads\/2026\/03\/WhatsApp-Image-2026-03-12-at-08.50.44.jpeg 1600w, https:\/\/istoledo-cba.infd.edu.ar\/sitio\/wp-content\/uploads\/2026\/03\/WhatsApp-Image-2026-03-12-at-08.50.44-1000x709.jpeg 1000w, https:\/\/istoledo-cba.infd.edu.ar\/sitio\/wp-content\/uploads\/2026\/03\/WhatsApp-Image-2026-03-12-at-08.50.44-768x545.jpeg 768w, https:\/\/istoledo-cba.infd.edu.ar\/sitio\/wp-content\/uploads\/2026\/03\/WhatsApp-Image-2026-03-12-at-08.50.44-1536x1090.jpeg 1536w\" sizes=\"(max-width: 1019px) 100vw, 1019px\" \/><\/figure>\n\n\n<div class=\"wp-block-image\">\n<figure class=\"aligncenter size-full is-resized\"><img decoding=\"async\" loading=\"lazy\" src=\"https:\/\/istoledo-cba.infd.edu.ar\/sitio\/wp-content\/uploads\/2025\/04\/IMG-20250410-WA0019.jpg\" alt=\"\" class=\"wp-image-3939\" width=\"540\" height=\"675\" srcset=\"https:\/\/istoledo-cba.infd.edu.ar\/sitio\/wp-content\/uploads\/2025\/04\/IMG-20250410-WA0019.jpg 1080w, https:\/\/istoledo-cba.infd.edu.ar\/sitio\/wp-content\/uploads\/2025\/04\/IMG-20250410-WA0019-800x1000.jpg 800w, https:\/\/istoledo-cba.infd.edu.ar\/sitio\/wp-content\/uploads\/2025\/04\/IMG-20250410-WA0019-768x960.jpg 768w\" sizes=\"(max-width: 540px) 100vw, 540px\" \/><\/figure><\/div>\n\n\n<hr class=\"wp-block-separator has-alpha-channel-opacity\"\/>\n\n\n\n<p class=\"has-text-align-right\">La comunidad educativa del Instituto despide con profundo dolor a <strong>GABRIELA CIRPIANI<\/strong>, quien fue estudiante de 4to a\u00f1o del Profesorado de Educaci\u00f3n Primaria. <\/p>\n\n\n\n<p class=\"has-text-align-right\">Excelente estudiante, comprometida con su formaci\u00f3n y mejor compa\u00f1era. Quienes fuimos sus profesores y profesoras guardaremos en la memoria y nuestros corazones enriquecedores momentos compartidos de ense\u00f1anza y aprendizajes.<\/p>\n\n\n\n<p class=\"has-text-align-right\"><strong>Vuela alto querida maestra&#8230;<\/strong><\/p>\n\n\n\n<figure class=\"wp-block-image size-full\"><img decoding=\"async\" loading=\"lazy\" width=\"940\" height=\"788\" src=\"https:\/\/istoledo-cba.infd.edu.ar\/sitio\/wp-content\/uploads\/2024\/08\/image.png\" alt=\"\" class=\"wp-image-3742\" srcset=\"https:\/\/istoledo-cba.infd.edu.ar\/sitio\/wp-content\/uploads\/2024\/08\/image.png 940w, https:\/\/istoledo-cba.infd.edu.ar\/sitio\/wp-content\/uploads\/2024\/08\/image-768x644.png 768w\" sizes=\"(max-width: 940px) 100vw, 940px\" \/><\/figure>\n\n\n\n<p><\/p>\n\n\n\n<p><\/p>\n\n\n\n<p><\/p>\n\n\n\n<p>Quienes formamos parte de la  Comunidad Educativa, despedimos al <strong>PABLO DERISSO<\/strong>, quien fuera preceptor de esta casa de estudios desde los inicios de nuestro Instituto hasta su jubilaci\u00f3n ocurrida en febrero 2019.&nbsp;<br>Colabor\u00f3 en la vida institucional con su impecable labor administrativa junto al Equipo de Secretar\u00eda, y desde all\u00ed asumi\u00f3 la tarea de acompa\u00f1ar la formaci\u00f3n de las nuevas generaciones de docentes y profesionales.<\/p>\n\n\n\n<p>Como sus colegas y compa\u00f1eros\/as guardamos en la memoria del coraz\u00f3n sus ocurrencias y su risa sincera.<br>Acompa\u00f1amos el dolor de sus familiares y seres queridos.<\/p>\n\n\n\n<p class=\"has-text-align-center\"><strong>Hasta siempre, querido Pablito.<\/strong><\/p>\n\n\n\n<figure class=\"wp-block-image size-full is-resized\"><img decoding=\"async\" loading=\"lazy\" src=\"https:\/\/istoledo-cba.infd.edu.ar\/sitio\/wp-content\/uploads\/2024\/07\/In-memoriam.jpg\" alt=\"\" class=\"wp-image-3723\" width=\"671\" height=\"475\" srcset=\"https:\/\/istoledo-cba.infd.edu.ar\/sitio\/wp-content\/uploads\/2024\/07\/In-memoriam.jpg 1748w, https:\/\/istoledo-cba.infd.edu.ar\/sitio\/wp-content\/uploads\/2024\/07\/In-memoriam-1000x709.jpg 1000w, https:\/\/istoledo-cba.infd.edu.ar\/sitio\/wp-content\/uploads\/2024\/07\/In-memoriam-768x545.jpg 768w, https:\/\/istoledo-cba.infd.edu.ar\/sitio\/wp-content\/uploads\/2024\/07\/In-memoriam-1536x1090.jpg 1536w\" sizes=\"(max-width: 671px) 100vw, 671px\" \/><\/figure>\n\n\n<div class=\"wp-block-image\">\n<figure class=\"aligncenter size-full is-resized\"><img decoding=\"async\" loading=\"lazy\" src=\"https:\/\/istoledo-cba.infd.edu.ar\/sitio\/wp-content\/uploads\/2021\/05\/LOGO-ZARELA.png\" alt=\"\" class=\"wp-image-2145\" width=\"65\" height=\"62\"\/><\/figure><\/div>\n\n\n<hr class=\"wp-block-separator has-alpha-channel-opacity\"\/>\n\n\n<div class=\"wp-block-image\">\n<figure class=\"aligncenter is-resized\"><img decoding=\"async\" loading=\"lazy\" src=\"https:\/\/istoledo-cba.infd.edu.ar\/sitio\/wp-content\/uploads\/2021\/05\/kurt-1.jpg\" alt=\"\" class=\"wp-image-2141\" width=\"619\" height=\"464\" srcset=\"https:\/\/istoledo-cba.infd.edu.ar\/sitio\/wp-content\/uploads\/2021\/05\/kurt-1.jpg 960w, https:\/\/istoledo-cba.infd.edu.ar\/sitio\/wp-content\/uploads\/2021\/05\/kurt-1-768x576.jpg 768w\" sizes=\"(max-width: 619px) 100vw, 619px\" \/><\/figure><\/div>\n\n\n<p><\/p>\n\n\n\n<p><strong><span style=\"font-family: 'Arial Narrow','sans-serif';\">Como Comunidad Educativa, con mucha tristeza despedimos al Lic. Kurt Angrehs, quien fuera docente de esta casa de estudios desde 2005 hasta su jubilaci\u00f3n ocurrida en febrero de este a\u00f1o.&nbsp;<\/span><\/strong><\/p>\n\n\n\n<p><strong><span style=\"font-family: 'Arial Narrow','sans-serif';\">Durante su vida laboral se desempe\u00f1\u00f3 como docente en los espacios curriculares de la Tec. Sup. En Gesti\u00f3n y Administraci\u00f3n de las Organizaciones. Colabor\u00f3 en la vida institucional como miembro suplente en el Concejo Institucional. Incansable defensor de nuestros derechos asumi\u00f3 la tarea de representarnos gremialmente en varias oportunidades. <\/span><\/strong><\/p>\n\n\n\n<p><strong><span style=\"font-family: 'Arial Narrow','sans-serif';\">Acompa\u00f1amos el dolor de sus familiares y amigos, y guardamos su recuerdo con gran cari\u00f1o.<\/span><\/strong><\/p>\n\n\n\n<figure class=\"wp-block-image is-resized\"><img decoding=\"async\" loading=\"lazy\" src=\"https:\/\/istoledo-cba.infd.edu.ar\/sitio\/wp-content\/uploads\/2021\/05\/kurt-3.jpg\" alt=\"\" class=\"wp-image-2142\" width=\"724\" height=\"543\" srcset=\"https:\/\/istoledo-cba.infd.edu.ar\/sitio\/wp-content\/uploads\/2021\/05\/kurt-3.jpg 960w, https:\/\/istoledo-cba.infd.edu.ar\/sitio\/wp-content\/uploads\/2021\/05\/kurt-3-768x576.jpg 768w\" sizes=\"(max-width: 724px) 100vw, 724px\" \/><\/figure>\n\n\n\n<figure class=\"wp-block-image is-resized\"><img decoding=\"async\" loading=\"lazy\" src=\"https:\/\/istoledo-cba.infd.edu.ar\/sitio\/wp-content\/uploads\/2021\/05\/kurt-2.jpg\" alt=\"\" class=\"wp-image-2143\" width=\"724\" height=\"543\" srcset=\"https:\/\/istoledo-cba.infd.edu.ar\/sitio\/wp-content\/uploads\/2021\/05\/kurt-2.jpg 960w, https:\/\/istoledo-cba.infd.edu.ar\/sitio\/wp-content\/uploads\/2021\/05\/kurt-2-768x576.jpg 768w\" sizes=\"(max-width: 724px) 100vw, 724px\" \/><\/figure>\n\n\n\n<figure class=\"wp-block-image is-resized\"><img decoding=\"async\" loading=\"lazy\" src=\"https:\/\/istoledo-cba.infd.edu.ar\/sitio\/wp-content\/uploads\/2021\/05\/kurt-4.jpg\" alt=\"\" class=\"wp-image-2144\" width=\"724\" height=\"543\" srcset=\"https:\/\/istoledo-cba.infd.edu.ar\/sitio\/wp-content\/uploads\/2021\/05\/kurt-4.jpg 960w, https:\/\/istoledo-cba.infd.edu.ar\/sitio\/wp-content\/uploads\/2021\/05\/kurt-4-768x576.jpg 768w\" sizes=\"(max-width: 724px) 100vw, 724px\" \/><\/figure>\n\n\n<div class=\"wp-block-image\">\n<figure class=\"aligncenter is-resized\"><img decoding=\"async\" loading=\"lazy\" src=\"https:\/\/istoledo-cba.infd.edu.ar\/sitio\/wp-content\/uploads\/2021\/05\/LOGO-ZARELA.png\" alt=\"\" class=\"wp-image-2145\" width=\"68\" height=\"65\"\/><\/figure><\/div>\n\n\n<hr class=\"wp-block-separator has-alpha-channel-opacity\"\/>\n\n\n\n<figure class=\"wp-block-image is-resized\"><img decoding=\"async\" loading=\"lazy\" src=\"https:\/\/istoledo-cba.infd.edu.ar\/sitio\/wp-content\/uploads\/2020\/11\/recordatorio-ricardo2-1000x750.jpg\" alt=\"\" class=\"wp-image-1949\" width=\"707\" height=\"530\" srcset=\"https:\/\/istoledo-cba.infd.edu.ar\/sitio\/wp-content\/uploads\/2020\/11\/recordatorio-ricardo2-1000x750.jpg 1000w, https:\/\/istoledo-cba.infd.edu.ar\/sitio\/wp-content\/uploads\/2020\/11\/recordatorio-ricardo2-768x576.jpg 768w, https:\/\/istoledo-cba.infd.edu.ar\/sitio\/wp-content\/uploads\/2020\/11\/recordatorio-ricardo2.jpg 1848w\" sizes=\"(max-width: 707px) 100vw, 707px\" \/><\/figure>\n\n\n\n<p><strong>Como Comunidad Educativa, queremos recordar de un modo especial al Dr. Ricardo A. Garc\u00eda, quien fuera docente de esta casa de estudios desde 1988 hasta su jubilaci\u00f3n.&nbsp;<\/strong><\/p>\n\n\n\n<p><strong>Entre la multiplicidad de \u00e1mbitos donde despleg\u00f3 su sabidur\u00eda y su alegr\u00eda, se encontraron los pasillos y las aulas de nuestro instituto. Supo conquistar el coraz\u00f3n&nbsp; y acompa\u00f1ar los pasos de quienes reci\u00e9n iniciaban, como tambi\u00e9n los de las futuras generaciones de docentes.<\/strong><\/p>\n\n\n\n<p><strong>Acompa\u00f1amos el dolor de sus familiares y amistades cercanas, con la certeza de su presencia permanente entre nosotr@s.<\/strong><\/p>\n\n\n\n<figure class=\"wp-block-image is-resized\"><img decoding=\"async\" loading=\"lazy\" src=\"https:\/\/istoledo-cba.infd.edu.ar\/sitio\/wp-content\/uploads\/2020\/11\/recordatorio-1000x750.jpg\" alt=\"\" class=\"wp-image-1950\" width=\"712\" height=\"534\" srcset=\"https:\/\/istoledo-cba.infd.edu.ar\/sitio\/wp-content\/uploads\/2020\/11\/recordatorio-1000x750.jpg 1000w, https:\/\/istoledo-cba.infd.edu.ar\/sitio\/wp-content\/uploads\/2020\/11\/recordatorio-768x576.jpg 768w, https:\/\/istoledo-cba.infd.edu.ar\/sitio\/wp-content\/uploads\/2020\/11\/recordatorio.jpg 1848w\" sizes=\"(max-width: 712px) 100vw, 712px\" \/><\/figure>\n\n\n\n<figure class=\"wp-block-image is-resized\"><img decoding=\"async\" loading=\"lazy\" src=\"https:\/\/istoledo-cba.infd.edu.ar\/sitio\/wp-content\/uploads\/2020\/11\/ricardo-3-1000x750.jpg\" alt=\"\" class=\"wp-image-1953\" width=\"708\" height=\"531\" srcset=\"https:\/\/istoledo-cba.infd.edu.ar\/sitio\/wp-content\/uploads\/2020\/11\/ricardo-3-1000x750.jpg 1000w, https:\/\/istoledo-cba.infd.edu.ar\/sitio\/wp-content\/uploads\/2020\/11\/ricardo-3-768x576.jpg 768w, https:\/\/istoledo-cba.infd.edu.ar\/sitio\/wp-content\/uploads\/2020\/11\/ricardo-3.jpg 1848w\" sizes=\"(max-width: 708px) 100vw, 708px\" \/><\/figure>\n\n\n\n<p><\/p>\n","protected":false},"excerpt":{"rendered":"<p>La comunidad educativa del Instituto despide con profundo dolor a GABRIELA CIRPIANI, quien fue estudiante de 4to a\u00f1o del Profesorado de Educaci\u00f3n Primaria. Excelente estudiante, comprometida con su formaci\u00f3n y mejor compa\u00f1era. Quienes fuimos sus profesores y profesoras guardaremos en la memoria y nuestros corazones enriquecedores momentos compartidos de ense\u00f1anza y aprendizajes. Vuela alto querida &#8230; <a title=\"In Memoriam&#8230;\" class=\"read-more\" href=\"https:\/\/istoledo-cba.infd.edu.ar\/sitio\/in-memoriam\/\" aria-label=\"More on In Memoriam&#8230;\">[+]<\/a><\/p>\n","protected":false},"author":7,"featured_media":0,"parent":0,"menu_order":0,"comment_status":"closed","ping_status":"closed","template":"","meta":[],"acf":[],"_links":{"self":[{"href":"https:\/\/istoledo-cba.infd.edu.ar\/sitio\/wp-json\/wp\/v2\/pages\/1940"}],"collection":[{"href":"https:\/\/istoledo-cba.infd.edu.ar\/sitio\/wp-json\/wp\/v2\/pages"}],"about":[{"href":"https:\/\/istoledo-cba.infd.edu.ar\/sitio\/wp-json\/wp\/v2\/types\/page"}],"author":[{"embeddable":true,"href":"https:\/\/istoledo-cba.infd.edu.ar\/sitio\/wp-json\/wp\/v2\/users\/7"}],"replies":[{"embeddable":true,"href":"https:\/\/istoledo-cba.infd.edu.ar\/sitio\/wp-json\/wp\/v2\/comments?post=1940"}],"version-history":[{"count":11,"href":"https:\/\/istoledo-cba.infd.edu.ar\/sitio\/wp-json\/wp\/v2\/pages\/1940\/revisions"}],"predecessor-version":[{"id":4131,"href":"https:\/\/istoledo-cba.infd.edu.ar\/sitio\/wp-json\/wp\/v2\/pages\/1940\/revisions\/4131"}],"wp:attachment":[{"href":"https:\/\/istoledo-cba.infd.edu.ar\/sitio\/wp-json\/wp\/v2\/media?parent=1940"}],"curies":[{"name":"wp","href":"https:\/\/api.w.org\/{rel}","templated":true}]}}