{"id":2201,"date":"2021-10-13T10:17:16","date_gmt":"2021-10-13T13:17:16","guid":{"rendered":"https:\/\/istoledo-cba.infd.edu.ar\/sitio\/?page_id=2201"},"modified":"2025-11-17T11:56:06","modified_gmt":"2025-11-17T14:56:06","slug":"ingreso-mayores-de-25-anos-por-art-7-l-e-s","status":"publish","type":"page","link":"https:\/\/istoledo-cba.infd.edu.ar\/sitio\/ingreso-mayores-de-25-anos-por-art-7-l-e-s\/","title":{"rendered":"INGRESO Mayores de 25 a\u00f1os"},"content":{"rendered":"\n<p><strong>La <\/strong><a rel=\"noreferrer noopener\" href=\"https:\/\/istoledo-cba.infd.edu.ar\/sitio\/wp-content\/uploads\/2021\/10\/Ley-Educacion-Superior-no-24521.pdf\" data-type=\"URL\" data-id=\"https:\/\/istoledo-cba.infd.edu.ar\/sitio\/wp-content\/uploads\/2021\/10\/Ley-Educacion-Superior-no-24521.pdf\" target=\"_blank\"><strong>Ley de Educaci\u00f3n Superior 24521\/95<\/strong> prev\u00e9 en su Art. 7<\/a>\u00ba que las personas <strong>mayores de 25 a\u00f1os<\/strong>, que no tengan completos sus estudios de Nivel Secundario, o bien acrediten sus estudios primarios cursados, podr\u00e1n ingresar, excepcionalmente, a las instituciones de Nivel Superior, siempre que demuestren a trav\u00e9s de las evaluaciones que en su caso se establezcan, que <strong>tienen preparaci\u00f3n y\/o experiencia laboral acorde con los estudios que se proponen iniciar, as\u00ed como aptitudes y conocimientos suficientes para cursarlos satisfactoriamente<\/strong>.<\/p>\n\n\n\n<h2 class=\"wp-block-heading\">REQUISITOS PARA LOGRAR LA ADMISI\u00d3N (<a href=\"https:\/\/istoledo-cba.infd.edu.ar\/sitio\/wp-content\/uploads\/2021\/10\/Res-25-2002-ingreso-mayores-25-anos-sin-titulo-nivel-secundario.pdf\" data-type=\"URL\" data-id=\"https:\/\/istoledo-cba.infd.edu.ar\/sitio\/wp-content\/uploads\/2021\/10\/Res-25-2002-ingreso-mayores-25-anos-sin-titulo-nivel-secundario.pdf\" target=\"_blank\" rel=\"noreferrer noopener\">Res. Min. 25\/2002<\/a>)<\/h2>\n\n\n\n<ul>\n<li>Tener 25 (veinticinco) a\u00f1os de edad cumplidos al momento de la inscripci\u00f3n.<\/li>\n\n\n\n<li>Poseer estudios secundarios incompletos o primarios cursados.<\/li>\n\n\n\n<li>Tener preparaci\u00f3n y\/o experiencia laboral acorde con la carrera elegida y poseer las aptitudes y conocimientos suficientes.<\/li>\n<\/ul>\n\n\n\n<p><\/p>\n\n\n\n<p>La <a href=\"https:\/\/istoledo-cba.infd.edu.ar\/sitio\/wp-content\/uploads\/2021\/10\/Resolucion-128.02-Mayores-de-25-anos-sin-titulo-de-Nivel-Secundario.pdf\" data-type=\"URL\" data-id=\"https:\/\/istoledo-cba.infd.edu.ar\/sitio\/wp-content\/uploads\/2021\/10\/Resolucion-128.02-Mayores-de-25-anos-sin-titulo-de-Nivel-Secundario.pdf\" target=\"_blank\" rel=\"noreferrer noopener\">Res. 128\/2002 <\/a>establece que en el mes de <strong>DICIEMBRE<\/strong> <strong>ANTERIOR<\/strong> <strong>A<\/strong> <strong>CADA<\/strong> <strong>CICLO LECTIVO<\/strong>, se d\u00e9 inicio al PROCESO DE ADMISI\u00d3N. Dicho proceso abarca dos etapas:<\/p>\n\n\n\n<ol type=\"1\">\n<li>ETAPA DE PRE-INSCRIPCI\u00d3N y EVALUACI\u00d3N DE ANTECEDENTES:<\/li>\n\n\n\n<li>ASESORAMIENTO ACAD\u00c9MICO para las evaluaciones de competencias b\u00e1sicas. En los espacios de: <br>1) Lengua\u00a0 <br>2) Matem\u00e1tica \u00a0<br><\/li>\n<\/ol>\n\n\n\n<p>&nbsp;<\/p>\n\n\n<div class=\"wp-block-image\">\n<figure class=\"alignleft is-resized\"><img decoding=\"async\" loading=\"lazy\" src=\"https:\/\/1.bp.blogspot.com\/-Y2m3q3f5ibo\/WYij9vV7niI\/AAAAAAAAAEA\/scgUy_6jkvEPd1xVmEIXsUEotV7D0KIbQCPcBGAYYCw\/s1600\/284px-Icono_atencin.png\" alt=\"E.P.E.T. N\u00ba 12 &quot;ING. JUAN CARLOS FONTANIVE&quot;: INFORM\u00c1TICA: INFORMACI\u00d3N  IMPORTANTE\" width=\"159\" height=\"134\"\/><figcaption class=\"wp-element-caption\">IMPORTANTE&#8230;<\/figcaption><\/figure><\/div>\n\n\n<p><br>Los contenidos de dichos espacios ser\u00e1n fijados con antelaci\u00f3n por la comisi\u00f3n designada.<br>Todo aspirante a ingresar al Nivel Superior, mediante esta modalidad, <strong>DEBER\u00c1 APROBAR DICHA EVALUACI\u00d3N<span class=\"has-inline-color has-vivid-red-color\"> <\/span>a efectuarse en el MES DE FEBRERO DEL A\u00d1O LECTIVO<\/strong>, previamente al inicio del Seminario de Ingreso a la Carrera&nbsp; que se postul\u00f3.<\/p>\n","protected":false},"excerpt":{"rendered":"<p>La Ley de Educaci\u00f3n Superior 24521\/95 prev\u00e9 en su Art. 7\u00ba que las personas mayores de 25 a\u00f1os, que no tengan completos sus estudios de Nivel Secundario, o bien acrediten sus estudios primarios cursados, podr\u00e1n ingresar, excepcionalmente, a las instituciones de Nivel Superior, siempre que demuestren a trav\u00e9s de las evaluaciones que en su caso &#8230; <a title=\"INGRESO Mayores de 25 a\u00f1os\" class=\"read-more\" href=\"https:\/\/istoledo-cba.infd.edu.ar\/sitio\/ingreso-mayores-de-25-anos-por-art-7-l-e-s\/\" aria-label=\"More on INGRESO Mayores de 25 a\u00f1os\">[+]<\/a><\/p>\n","protected":false},"author":7,"featured_media":0,"parent":0,"menu_order":0,"comment_status":"closed","ping_status":"closed","template":"","meta":[],"acf":[],"_links":{"self":[{"href":"https:\/\/istoledo-cba.infd.edu.ar\/sitio\/wp-json\/wp\/v2\/pages\/2201"}],"collection":[{"href":"https:\/\/istoledo-cba.infd.edu.ar\/sitio\/wp-json\/wp\/v2\/pages"}],"about":[{"href":"https:\/\/istoledo-cba.infd.edu.ar\/sitio\/wp-json\/wp\/v2\/types\/page"}],"author":[{"embeddable":true,"href":"https:\/\/istoledo-cba.infd.edu.ar\/sitio\/wp-json\/wp\/v2\/users\/7"}],"replies":[{"embeddable":true,"href":"https:\/\/istoledo-cba.infd.edu.ar\/sitio\/wp-json\/wp\/v2\/comments?post=2201"}],"version-history":[{"count":5,"href":"https:\/\/istoledo-cba.infd.edu.ar\/sitio\/wp-json\/wp\/v2\/pages\/2201\/revisions"}],"predecessor-version":[{"id":4019,"href":"https:\/\/istoledo-cba.infd.edu.ar\/sitio\/wp-json\/wp\/v2\/pages\/2201\/revisions\/4019"}],"wp:attachment":[{"href":"https:\/\/istoledo-cba.infd.edu.ar\/sitio\/wp-json\/wp\/v2\/media?parent=2201"}],"curies":[{"name":"wp","href":"https:\/\/api.w.org\/{rel}","templated":true}]}}