{"id":2273,"date":"2021-10-15T18:19:47","date_gmt":"2021-10-15T21:19:47","guid":{"rendered":"https:\/\/istoledo-cba.infd.edu.ar\/sitio\/?page_id=2273"},"modified":"2021-11-27T11:22:46","modified_gmt":"2021-11-27T14:22:46","slug":"cronograma-de-actividades-2021","status":"publish","type":"page","link":"https:\/\/istoledo-cba.infd.edu.ar\/sitio\/cronograma-de-actividades-2021\/","title":{"rendered":"Cronograma de Actividades 2021"},"content":{"rendered":"\n<div class=\"wp-block-image\"><figure class=\"alignleft is-resized\"><img decoding=\"async\" loading=\"lazy\" src=\"https:\/\/istoledo-cba.infd.edu.ar\/sitio\/wp-content\/uploads\/2021\/10\/WhatsApp-Image-2021-09-14-at-09.36.37.jpeg\" alt=\"\" class=\"wp-image-2262\" width=\"309\" height=\"309\"\/><\/figure><\/div>\n\n\n\n<h3 class=\"wp-block-heading\">Ciclo de Conversatorios&nbsp;\u201cPensar conversando desde la E.S.I\u201d<\/h3>\n\n\n\n<div class=\"wp-block-group\"><div class=\"wp-block-group__inner-container is-layout-flow\">\n<p>\u201c\u2026<em>construir pensamiento en conversaci\u00f3n, que es la mejor manera de pensar, por que pensar no es otra cosa que contestar\u2026los cuerpos en co-presencia conversan\u00bb<\/em><\/p>\n\n\n\n<p class=\"has-text-align-center\">Rita Segato en \u00ab<em>Contra pedagog\u00edas de la crueldad<\/em>\u201d (2018)<\/p>\n<\/div><\/div>\n\n\n\n<p><\/p>\n\n\n\n<h5 class=\"wp-block-heading\"><strong>JORNADAS en el marco del Seminario de Ingreso \u00abEl oficio de Ense\u00f1ar\u00bb:<\/strong><\/h5>\n\n\n\n<p><strong>1er encuentro con estudiantes.&nbsp;<\/strong><br>Desde la narrativa de presentaci\u00f3n y la l\u00f3gica de abordaje, postulamos un posicionamiento pedag\u00f3gico que se basa en un ejercicio de pensamiento conjunto y construcci\u00f3n colectiva de conocimiento.<br><a href=\"https:\/\/drive.google.com\/file\/d\/1BUNk-LV5Qod4F2E5piVnVLhxaly5URXx\/view\" target=\"_blank\" rel=\"noreferrer noopener\">Acceder al archivo&nbsp;<\/a><\/p>\n\n\n\n<p><strong>2do encuentro con estudiantes.<\/strong><br>Nuestro Proyecto Institucional de E.S.I. hace huella y praxis desde espacios colectivos donde poner a circular la palabra en la red que tejemos entre tod@s quienes participamos de este dispositivo. El jueves, 11 de marzo\/2021 a&nbsp;trav\u00e9s de la plataforma zoom. nos encontramos para interaccionar, tejer lazos y pensar conjuntamente desde las voces que nos traen:&nbsp;<strong>Josefina Dominicin, Laura Contessi y Valeria Cargnelutti.<\/strong><br><a href=\"https:\/\/drive.google.com\/file\/d\/1JPQjpTbnSmKGdDAK4ukKovuIsMSOvioB\/view\" target=\"_blank\" rel=\"noreferrer noopener\">Acceder al archivo<\/a><\/p>\n\n\n\n<p>Estos encuentros&nbsp; nos aproximan a esta coherencia de habilitar las voces y experiencias de tantas otras personas con las que contamos para hacer Educaci\u00f3n Sexual Integral. A partir de esta experiencia plasmamos nuestra reflexi\u00f3n&nbsp; en un&nbsp;<strong><a rel=\"noreferrer noopener\" href=\"https:\/\/istoledo-cba.infd.edu.ar\/sitio\/wp-content\/uploads\/2021\/10\/Pensar-conversando-desde-la-E.S.I.-2021_removed.pdf\" data-type=\"URL\" data-id=\"https:\/\/istoledo-cba.infd.edu.ar\/sitio\/wp-content\/uploads\/2021\/10\/Pensar-conversando-desde-la-E.S.I.-2021_removed.pdf\" target=\"_blank\">\u201cMURAL PADLET<\/a>\u201d<\/strong>&nbsp;, recuperando lo que les surge a partir de lo transitado en las dos jornadas institucionales. <\/p>\n\n\n\n<h2 class=\"wp-block-heading\"><span class=\"has-inline-color has-vivid-purple-color\">La E.S.I. en juego<\/span><\/h2>\n\n\n\n<div class=\"wp-block-image\"><figure class=\"aligncenter size-large is-resized\"><img decoding=\"async\" loading=\"lazy\" src=\"https:\/\/istoledo-cba.infd.edu.ar\/sitio\/wp-content\/uploads\/2021\/11\/WhatsApp-Image-2021-09-23-at-09.20.50.jpeg\" alt=\"\" class=\"wp-image-2364\" width=\"391\" height=\"391\" srcset=\"https:\/\/istoledo-cba.infd.edu.ar\/sitio\/wp-content\/uploads\/2021\/11\/WhatsApp-Image-2021-09-23-at-09.20.50.jpeg 1080w, https:\/\/istoledo-cba.infd.edu.ar\/sitio\/wp-content\/uploads\/2021\/11\/WhatsApp-Image-2021-09-23-at-09.20.50-1000x1000.jpeg 1000w, https:\/\/istoledo-cba.infd.edu.ar\/sitio\/wp-content\/uploads\/2021\/11\/WhatsApp-Image-2021-09-23-at-09.20.50-500x500.jpeg 500w, https:\/\/istoledo-cba.infd.edu.ar\/sitio\/wp-content\/uploads\/2021\/11\/WhatsApp-Image-2021-09-23-at-09.20.50-768x768.jpeg 768w\" sizes=\"(max-width: 391px) 100vw, 391px\" \/><\/figure><\/div>\n\n\n\n<p>Con motivo de celebrarse 15 a\u00f1os de la Ley de E.S.I., se propuso la participaci\u00f3n junto a otras instituciones y organizaciones sociales, en las distintas actividades que se fueron desarrollando durante el mes de setiembre en este marco (Conversatorios, Talleres presenciales, Murales colectivos entre otras)  <\/p>\n\n\n\n<p>Por nuestra parte, en el marco del Proyecto Institucional de E.S.I., quienes integran la COMISI\u00d3N DE G\u00c9NERO y DD.HH en nuestro instituto idearon la <strong>Jornada Institucional \u00bb La E.S.I. en juego y en juicio\u00bb<\/strong> para el jueves, 23 de setiembre.  Debido a las limitaciones de la modalidad virtual &#8211; capacidad del MEET-, la invitaci\u00f3n  en esta oportunidad fue para l@s estudiantes 3er y 4to a\u00f1o de TODOS LOS PROFESORADOS y para todos los docentes pertenecientes a la formaci\u00f3n docente.<\/p>\n\n\n\n<p>Ponemos a disposici\u00f3n la MEMORIA DE LA JORNADA, un relato que recupera el juego, la simulaci\u00f3n como un modo de conocer, de conversar y de pensar junt@s. <\/p>\n\n\n\n<p class=\"has-text-align-center\">Acceso al Archivo <strong><a href=\"https:\/\/istoledo-cba.infd.edu.ar\/sitio\/wp-content\/uploads\/2021\/11\/La_esi_en_juego_y_en_juicio-1.pdf\" data-type=\"URL\" data-id=\"https:\/\/istoledo-cba.infd.edu.ar\/sitio\/wp-content\/uploads\/2021\/11\/La_esi_en_juego_y_en_juicio-1.pdf\" target=\"_blank\" rel=\"noreferrer noopener\">La E.S.I. en juego y en juicio&#8230;<\/a><\/strong><\/p>\n\n\n\n<p>Asimismo acercamos la reflexi\u00f3n de estudiantes acerca de la implementaci\u00f3n de la Ley de E.S.I. en el MURAL COLECTIVO:<\/p>\n\n\n\n<h6 class=\"has-text-align-center wp-block-heading\"><span class=\"has-inline-color has-vivid-purple-color\"><a href=\"https:\/\/padlet.com\/solaltamir\/4nozzli4qwx5rxhn\" data-type=\"URL\" data-id=\"https:\/\/padlet.com\/solaltamir\/4nozzli4qwx5rxhn\" target=\"_blank\" rel=\"noreferrer noopener\">\u201cEducar en igualdad, prevenci\u00f3n y erradicaci\u00f3n de las violencias de G\u00e9nero\u201d<\/a><\/span><\/h6>\n\n\n\n<h2 class=\"wp-block-heading\"><strong>#16 d\u00edas <\/strong><\/h2>\n\n\n\n<div class=\"wp-block-image\"><figure class=\"aligncenter size-large is-resized\"><img decoding=\"async\" loading=\"lazy\" src=\"https:\/\/istoledo-cba.infd.edu.ar\/sitio\/wp-content\/uploads\/2021\/11\/WhatsApp-Image-2021-11-24-at-10.03.45.jpeg\" alt=\"\" class=\"wp-image-2354\" width=\"309\" height=\"470\" srcset=\"https:\/\/istoledo-cba.infd.edu.ar\/sitio\/wp-content\/uploads\/2021\/11\/WhatsApp-Image-2021-11-24-at-10.03.45.jpeg 841w, https:\/\/istoledo-cba.infd.edu.ar\/sitio\/wp-content\/uploads\/2021\/11\/WhatsApp-Image-2021-11-24-at-10.03.45-657x1000.jpeg 657w, https:\/\/istoledo-cba.infd.edu.ar\/sitio\/wp-content\/uploads\/2021\/11\/WhatsApp-Image-2021-11-24-at-10.03.45-768x1169.jpeg 768w\" sizes=\"(max-width: 309px) 100vw, 309px\" \/><figcaption>Creaci\u00f3n de la Artista: Mar\u00eda Virginia Saint Bonnet<\/figcaption><\/figure><\/div>\n\n\n\n<p>En el marco del<strong><strong> D\u00eda Internacional de la Eliminaci\u00f3n de la Violencia contra las Mujeres<\/strong>, <\/strong>la Provincia adhiere nuevamente a la Campa\u00f1a que convoca la organizaci\u00f3n mundial ONU Mujeres<strong>, <\/strong>y convoca a las distintas reparticiones a fortalecer la pol\u00edtica de Estado  en materia de Equidad de G\u00e9nero y Lucha contra la Violencia a la Mujer. <\/p>\n\n\n\n<p>Como Instituto de Formaci\u00f3n de Gesti\u00f3n P\u00fablica adherimos a la campa\u00f1a <strong>#16 d\u00edas de activismo contra la violencia de g\u00e9nero<\/strong> compartiendo im\u00e1genes y textos que promuevan la visibilizaci\u00f3n y la toma de conciencia de la situaci\u00f3n de vulnerabilidad en la que se encuentran muchas mujeres. Compartimos los avances de la producci\u00f3n:<\/p>\n\n\n\n<figure class=\"wp-block-gallery columns-3 is-cropped wp-block-gallery-2 is-layout-flex\"><ul class=\"blocks-gallery-grid\"><li class=\"blocks-gallery-item\"><figure><img decoding=\"async\" loading=\"lazy\" width=\"1900\" height=\"1069\" src=\"https:\/\/istoledo-cba.infd.edu.ar\/sitio\/wp-content\/uploads\/2021\/11\/1-1900x1069.jpg\" alt=\"\" data-id=\"2357\" data-full-url=\"https:\/\/istoledo-cba.infd.edu.ar\/sitio\/wp-content\/uploads\/2021\/11\/1.jpg\" data-link=\"https:\/\/istoledo-cba.infd.edu.ar\/sitio\/cronograma-de-actividades-2021\/attachment\/1\/#main\" class=\"wp-image-2357\"\/><\/figure><\/li><li class=\"blocks-gallery-item\"><figure><img decoding=\"async\" loading=\"lazy\" width=\"1900\" height=\"1069\" src=\"https:\/\/istoledo-cba.infd.edu.ar\/sitio\/wp-content\/uploads\/2021\/11\/2-1900x1069.jpg\" alt=\"\" data-id=\"2358\" data-full-url=\"https:\/\/istoledo-cba.infd.edu.ar\/sitio\/wp-content\/uploads\/2021\/11\/2.jpg\" data-link=\"https:\/\/istoledo-cba.infd.edu.ar\/sitio\/cronograma-de-actividades-2021\/attachment\/2\/#main\" class=\"wp-image-2358\" srcset=\"https:\/\/istoledo-cba.infd.edu.ar\/sitio\/wp-content\/uploads\/2021\/11\/2-1900x1069.jpg 1900w, https:\/\/istoledo-cba.infd.edu.ar\/sitio\/wp-content\/uploads\/2021\/11\/2-1000x563.jpg 1000w, https:\/\/istoledo-cba.infd.edu.ar\/sitio\/wp-content\/uploads\/2021\/11\/2-768x432.jpg 768w, https:\/\/istoledo-cba.infd.edu.ar\/sitio\/wp-content\/uploads\/2021\/11\/2-1536x864.jpg 1536w, https:\/\/istoledo-cba.infd.edu.ar\/sitio\/wp-content\/uploads\/2021\/11\/2.jpg 1920w\" sizes=\"(max-width: 1900px) 100vw, 1900px\" \/><\/figure><\/li><li class=\"blocks-gallery-item\"><figure><img decoding=\"async\" loading=\"lazy\" width=\"1900\" height=\"1069\" src=\"https:\/\/istoledo-cba.infd.edu.ar\/sitio\/wp-content\/uploads\/2021\/11\/3-1900x1069.jpg\" alt=\"\" data-id=\"2359\" data-full-url=\"https:\/\/istoledo-cba.infd.edu.ar\/sitio\/wp-content\/uploads\/2021\/11\/3.jpg\" data-link=\"https:\/\/istoledo-cba.infd.edu.ar\/sitio\/cronograma-de-actividades-2021\/attachment\/3\/#main\" class=\"wp-image-2359\" srcset=\"https:\/\/istoledo-cba.infd.edu.ar\/sitio\/wp-content\/uploads\/2021\/11\/3-1900x1069.jpg 1900w, https:\/\/istoledo-cba.infd.edu.ar\/sitio\/wp-content\/uploads\/2021\/11\/3-1000x563.jpg 1000w, https:\/\/istoledo-cba.infd.edu.ar\/sitio\/wp-content\/uploads\/2021\/11\/3-768x432.jpg 768w, https:\/\/istoledo-cba.infd.edu.ar\/sitio\/wp-content\/uploads\/2021\/11\/3-1536x864.jpg 1536w, https:\/\/istoledo-cba.infd.edu.ar\/sitio\/wp-content\/uploads\/2021\/11\/3.jpg 1920w\" sizes=\"(max-width: 1900px) 100vw, 1900px\" \/><\/figure><\/li><\/ul><\/figure>\n","protected":false},"excerpt":{"rendered":"<p>Ciclo de Conversatorios&nbsp;\u201cPensar conversando desde la E.S.I\u201d \u201c\u2026construir pensamiento en conversaci\u00f3n, que es la mejor manera de pensar, por que pensar no es otra cosa que contestar\u2026los cuerpos en co-presencia conversan\u00bb Rita Segato en \u00abContra pedagog\u00edas de la crueldad\u201d (2018) JORNADAS en el marco del Seminario de Ingreso \u00abEl oficio de Ense\u00f1ar\u00bb: 1er encuentro con &#8230; <a title=\"Cronograma de Actividades 2021\" class=\"read-more\" href=\"https:\/\/istoledo-cba.infd.edu.ar\/sitio\/cronograma-de-actividades-2021\/\" aria-label=\"More on Cronograma de Actividades 2021\">[+]<\/a><\/p>\n","protected":false},"author":7,"featured_media":0,"parent":0,"menu_order":0,"comment_status":"closed","ping_status":"closed","template":"","meta":[],"acf":[],"_links":{"self":[{"href":"https:\/\/istoledo-cba.infd.edu.ar\/sitio\/wp-json\/wp\/v2\/pages\/2273"}],"collection":[{"href":"https:\/\/istoledo-cba.infd.edu.ar\/sitio\/wp-json\/wp\/v2\/pages"}],"about":[{"href":"https:\/\/istoledo-cba.infd.edu.ar\/sitio\/wp-json\/wp\/v2\/types\/page"}],"author":[{"embeddable":true,"href":"https:\/\/istoledo-cba.infd.edu.ar\/sitio\/wp-json\/wp\/v2\/users\/7"}],"replies":[{"embeddable":true,"href":"https:\/\/istoledo-cba.infd.edu.ar\/sitio\/wp-json\/wp\/v2\/comments?post=2273"}],"version-history":[{"count":11,"href":"https:\/\/istoledo-cba.infd.edu.ar\/sitio\/wp-json\/wp\/v2\/pages\/2273\/revisions"}],"predecessor-version":[{"id":2373,"href":"https:\/\/istoledo-cba.infd.edu.ar\/sitio\/wp-json\/wp\/v2\/pages\/2273\/revisions\/2373"}],"wp:attachment":[{"href":"https:\/\/istoledo-cba.infd.edu.ar\/sitio\/wp-json\/wp\/v2\/media?parent=2273"}],"curies":[{"name":"wp","href":"https:\/\/api.w.org\/{rel}","templated":true}]}}