{"id":2480,"date":"2022-03-08T11:15:04","date_gmt":"2022-03-08T14:15:04","guid":{"rendered":"https:\/\/istoledo-cba.infd.edu.ar\/sitio\/?page_id=2480"},"modified":"2023-03-08T14:52:41","modified_gmt":"2023-03-08T17:52:41","slug":"dia-internacional-de-la-mujer","status":"publish","type":"page","link":"https:\/\/istoledo-cba.infd.edu.ar\/sitio\/dia-internacional-de-la-mujer\/","title":{"rendered":"D\u00eda Internacional de la Mujer"},"content":{"rendered":"<div class=\"wp-block-image\">\n<figure class=\"aligncenter size-large is-resized\"><img decoding=\"async\" loading=\"lazy\" src=\"https:\/\/istoledo-cba.infd.edu.ar\/sitio\/wp-content\/uploads\/2022\/03\/8M-DIA-INTERNACIONAL-DE-LA-MUJER.jpeg\" alt=\"\" class=\"wp-image-2485\" width=\"404\" height=\"272\" srcset=\"https:\/\/istoledo-cba.infd.edu.ar\/sitio\/wp-content\/uploads\/2022\/03\/8M-DIA-INTERNACIONAL-DE-LA-MUJER.jpeg 1280w, https:\/\/istoledo-cba.infd.edu.ar\/sitio\/wp-content\/uploads\/2022\/03\/8M-DIA-INTERNACIONAL-DE-LA-MUJER-1000x671.jpeg 1000w, https:\/\/istoledo-cba.infd.edu.ar\/sitio\/wp-content\/uploads\/2022\/03\/8M-DIA-INTERNACIONAL-DE-LA-MUJER-768x515.jpeg 768w\" sizes=\"(max-width: 404px) 100vw, 404px\" \/><figcaption class=\"wp-element-caption\">Gr\u00e1fica: Luis Eduardo \u00abGato\u00bb Enr\u00edquez<\/figcaption><\/figure><\/div>\n\n\n<p>Cada 8 de marzo se conmemora la lucha de las mujeres por el reconocimiento y ejercicio efectivo de sus derechos. La fecha fue establecida por la Asamblea General de la Organizaci\u00f3n de las Naciones Unidas para reivindicar, en todo el mundo, la lucha por la igualdad femenina en el \u00e1mbito social, econ\u00f3mico y pol\u00edtico.<\/p>\n\n\n\n<h2 class=\"wp-block-heading\"><strong>Hacemos memoria&#8230;<\/strong><\/h2>\n\n\n\n<p>El 8 de marzo de 1875, cientos de trabajadoras textiles de una f\u00e1brica de Nueva York se manifestaron buscando la igualdad salarial respecto a sus compa\u00f1eros varones y una mejora de sus condiciones laborales. 120 trabajadoras fueron asesinadas por la polic\u00eda.<\/p>\n\n\n\n<p>Las olas de huelgas continuaron y tuvieron a las mujeres como protagonistas, y en marzo de 1908 ocurrir\u00eda otro de los acontecimientos m\u00e1s importantes de la lucha feminista. Miles de mujeres trabajadoras salieron a las calles de Nueva York bajo el lema de &#8216;Pan y Rosas&#8217; contra las jornadas interminables, las condiciones inhumanas y los penosos salarios.<\/p>\n\n\n\n<p>Poco despu\u00e9s, 129 mujeres murieron en un incendio en la f\u00e1brica Cotton, de Nueva York, Estados Unidos, a causa de derrumbes, quemaduras e intoxicaci\u00f3n por humo. Ese d\u00eda, las chicas de Cotton se declararon en huelga al igual que unas 40.000 mujeres pero con la particularidad de permanencia en su lugar de trabajo.<\/p>\n\n\n\n<p>Los responsables de esas muertes habr\u00edan sido los mismos propietarios de la f\u00e1brica, al sellar las salidas del edificio y no comulgar con las ideas de conceder mejores salarios y condiciones de trabajo en la huelga laboral que hubo apenas un a\u00f1o antes.<\/p>\n\n\n\n<figure class=\"wp-block-gallery has-nested-images columns-2 is-cropped wp-block-gallery-1 is-layout-flex\">\n<figure class=\"wp-block-image size-large\"><img decoding=\"async\" data-id=\"2488\"  src=\"https:\/\/istoledo-cba.infd.edu.ar\/sitio\/wp-content\/uploads\/2022\/03\/mujeres.jpeg\" alt=\"\" class=\"wp-image-2488\"\/><\/figure>\n\n\n\n<figure class=\"wp-block-image size-large is-style-default\"><img decoding=\"async\" loading=\"lazy\" width=\"497\" height=\"640\" data-id=\"2489\"  src=\"https:\/\/istoledo-cba.infd.edu.ar\/sitio\/wp-content\/uploads\/2022\/03\/mujeres-1.jpg\" alt=\"\" class=\"wp-image-2489\"\/><\/figure>\n<figcaption class=\"blocks-gallery-caption wp-element-caption\"><strong>La lucha sigue y las voces seguir\u00e1n alz\u00e1ndose cada vez m\u00e1s alto por las que est\u00e1n y tambi\u00e9n por las que faltan<\/strong>&#8230;<\/figcaption><\/figure>\n\n\n\n<p><\/p>\n\n\n\n<h4 class=\"wp-block-heading\"><strong><u>Narrativas de identidad: validaci\u00f3n de existencias que nos habitan<\/u><\/strong><\/h4>\n\n\n<div class=\"wp-block-image\">\n<figure class=\"aligncenter size-large is-resized\"><a href=\"https:\/\/view.genial.ly\/62239c26d6b2b1001145f8eb\/interactive-image-8m-proyecto-institucional-de-esi-inst-zarela-moyano-de-toledo\" target=\"_blank\" rel=\"noopener\"><img decoding=\"async\" loading=\"lazy\" src=\"https:\/\/istoledo-cba.infd.edu.ar\/sitio\/wp-content\/uploads\/2022\/03\/WhatsApp-Image-2022-03-08-at-10.36.11-1-1.jpeg\" alt=\"\" class=\"wp-image-2500\" width=\"419\" height=\"401\"\/><\/a><figcaption class=\"wp-element-caption\">Creaci\u00f3n Colectiva 2022- Edici\u00f3n y Compaginado  Samantha Levet<\/figcaption><\/figure><\/div>\n\n\n<h2 class=\"wp-block-heading\">\u00ab<strong><em>Nada que festejar<\/em><\/strong>\u00ab. Voces y Memoria Viva&#8230; <\/h2>\n\n\n<div class=\"wp-block-image\">\n<figure class=\"alignleft size-full is-resized\"><img decoding=\"async\" loading=\"lazy\" src=\"https:\/\/istoledo-cba.infd.edu.ar\/sitio\/wp-content\/uploads\/2023\/03\/WhatsApp-Image-2023-03-08-at-08.07.41-2.jpeg\" alt=\"\" class=\"wp-image-3203\" width=\"429\" height=\"429\" srcset=\"https:\/\/istoledo-cba.infd.edu.ar\/sitio\/wp-content\/uploads\/2023\/03\/WhatsApp-Image-2023-03-08-at-08.07.41-2.jpeg 1080w, https:\/\/istoledo-cba.infd.edu.ar\/sitio\/wp-content\/uploads\/2023\/03\/WhatsApp-Image-2023-03-08-at-08.07.41-2-1000x1000.jpeg 1000w, https:\/\/istoledo-cba.infd.edu.ar\/sitio\/wp-content\/uploads\/2023\/03\/WhatsApp-Image-2023-03-08-at-08.07.41-2-500x500.jpeg 500w, https:\/\/istoledo-cba.infd.edu.ar\/sitio\/wp-content\/uploads\/2023\/03\/WhatsApp-Image-2023-03-08-at-08.07.41-2-768x768.jpeg 768w\" sizes=\"(max-width: 429px) 100vw, 429px\" \/><figcaption class=\"wp-element-caption\">                                   8 de Marzo\/2023                                                <\/figcaption><\/figure><\/div>\n\n\n<blockquote class=\"wp-block-quote has-text-align-center\">\n<p class=\"has-text-align-center\">\u00ab\u2026La historia en sus memorias nos late en cada paso, en cada derecho garantizado y en cada uno de todos los rostros de mujer en donde nos reconocemos y encontramos. Visibilizadas y en-tramadas de huellas, pasos y memorias\u00bb\u2026<br>Hoy como cada 8 M nos pensamos en la senda que transitamos.\u00bb  <br>-Sol Altamira-<\/p>\n<\/blockquote>\n\n\n\n<blockquote class=\"wp-block-quote\">\n<p class=\"has-text-align-center\">Desdibujarte<br>por momentos<br>es<br>mujer<br>tu carga<br>y tu arte.<\/p>\n\n\n\n<p class=\"has-text-align-center\">                                           Poes\u00eda y Pintura: Virginia Saint Bonnet<\/p>\n<cite> <\/cite><\/blockquote>\n","protected":false},"excerpt":{"rendered":"<p>Cada 8 de marzo se conmemora la lucha de las mujeres por el reconocimiento y ejercicio efectivo de sus derechos. La fecha fue establecida por la Asamblea General de la Organizaci\u00f3n de las Naciones Unidas para reivindicar, en todo el mundo, la lucha por la igualdad femenina en el \u00e1mbito social, econ\u00f3mico y pol\u00edtico. Hacemos &#8230; <a title=\"D\u00eda Internacional de la Mujer\" class=\"read-more\" href=\"https:\/\/istoledo-cba.infd.edu.ar\/sitio\/dia-internacional-de-la-mujer\/\" aria-label=\"More on D\u00eda Internacional de la Mujer\">[+]<\/a><\/p>\n","protected":false},"author":7,"featured_media":0,"parent":0,"menu_order":0,"comment_status":"closed","ping_status":"closed","template":"","meta":[],"acf":[],"_links":{"self":[{"href":"https:\/\/istoledo-cba.infd.edu.ar\/sitio\/wp-json\/wp\/v2\/pages\/2480"}],"collection":[{"href":"https:\/\/istoledo-cba.infd.edu.ar\/sitio\/wp-json\/wp\/v2\/pages"}],"about":[{"href":"https:\/\/istoledo-cba.infd.edu.ar\/sitio\/wp-json\/wp\/v2\/types\/page"}],"author":[{"embeddable":true,"href":"https:\/\/istoledo-cba.infd.edu.ar\/sitio\/wp-json\/wp\/v2\/users\/7"}],"replies":[{"embeddable":true,"href":"https:\/\/istoledo-cba.infd.edu.ar\/sitio\/wp-json\/wp\/v2\/comments?post=2480"}],"version-history":[{"count":11,"href":"https:\/\/istoledo-cba.infd.edu.ar\/sitio\/wp-json\/wp\/v2\/pages\/2480\/revisions"}],"predecessor-version":[{"id":3209,"href":"https:\/\/istoledo-cba.infd.edu.ar\/sitio\/wp-json\/wp\/v2\/pages\/2480\/revisions\/3209"}],"wp:attachment":[{"href":"https:\/\/istoledo-cba.infd.edu.ar\/sitio\/wp-json\/wp\/v2\/media?parent=2480"}],"curies":[{"name":"wp","href":"https:\/\/api.w.org\/{rel}","templated":true}]}}