{"id":2734,"date":"2022-06-07T13:30:15","date_gmt":"2022-06-07T16:30:15","guid":{"rendered":"https:\/\/istoledo-cba.infd.edu.ar\/sitio\/?page_id=2734"},"modified":"2022-09-06T18:59:22","modified_gmt":"2022-09-06T21:59:22","slug":"cronograma-actividades-2022","status":"publish","type":"page","link":"https:\/\/istoledo-cba.infd.edu.ar\/sitio\/cronograma-actividades-2022\/","title":{"rendered":"Cronograma Actividades 2022"},"content":{"rendered":"\n<div class=\"wp-block-image\"><figure class=\"aligncenter size-large is-resized\"><img decoding=\"async\" loading=\"lazy\" src=\"https:\/\/istoledo-cba.infd.edu.ar\/sitio\/wp-content\/uploads\/2022\/06\/LOGO-IS-ZMT-40-anos.jpg\" alt=\"\" class=\"wp-image-2740\" width=\"396\" height=\"297\" srcset=\"https:\/\/istoledo-cba.infd.edu.ar\/sitio\/wp-content\/uploads\/2022\/06\/LOGO-IS-ZMT-40-anos.jpg 960w, https:\/\/istoledo-cba.infd.edu.ar\/sitio\/wp-content\/uploads\/2022\/06\/LOGO-IS-ZMT-40-anos-768x576.jpg 768w\" sizes=\"(max-width: 396px) 100vw, 396px\" \/><\/figure><\/div>\n\n\n\n<h2 class=\"has-text-align-center wp-block-heading\">1982-2022<br>\u00abPor una Educaci\u00f3n que garantiza Derechos\u00bb<\/h2>\n\n\n\n<p>En el marco de nuestro 40 Aniversario como Instituto de Educaci\u00f3n Superior dedicado a la FORMACI\u00d3N DOCENTE y a la FORMACI\u00d3N T\u00c9CNICA PROFESIONAL, es nuestra l\u00ednea de acci\u00f3n fundamental, fortalecer y afianzar el objetivo primordial de REVISAR Y REPENSAR LA FORMACI\u00d3N EN CLAVE DE E.S.I., es decir desde una PERSPECTIVA DE G\u00c9NERO Y DERECHOS HUMANOS. <\/p>\n\n\n\n<p>En este punto, desde la Comisi\u00f3n Institucional de G\u00e9nero y Derechos Humanos pretendemos ALENTAR Y SOSTENER la apuesta <strong>por una Educaci\u00f3n que garantiza Derecho<\/strong>, como un modo de tensionar las tradiciones y las trayectorias formativas, de modo tal que podamos continuar acercando una FORMACI\u00d3N ACORDE A LOS REQUERIMIENTOS DE ESTOS TIEMPOS QUE TRANSITAMOS. <\/p>\n\n\n\n<p>Este a\u00f1o se suma a la Comisi\u00f3n Lic. Mar\u00eda Soledad Castillo (C.I.P.E), quien a partir de la articulaci\u00f3n de los lineamientos de  Pol\u00edticas Estudiantiles con nuestro Proyecto Institucional de E.S.I. contribuir\u00e1 a gestar espacios de intervenci\u00f3n y participaci\u00f3n de l@s estudiantes de nuestro Instituto. <\/p>\n\n\n\n<div class=\"wp-block-image\"><figure class=\"aligncenter size-large is-resized\"><img decoding=\"async\" loading=\"lazy\" src=\"https:\/\/istoledo-cba.infd.edu.ar\/sitio\/wp-content\/uploads\/2022\/06\/LOGO_PYTO_INST._ESI-removebg-preview.png\" alt=\"\" class=\"wp-image-2742\" width=\"150\" height=\"150\"\/><\/figure><\/div>\n\n\n\n<p><\/p>\n\n\n\n<h2 class=\"has-text-align-center wp-block-heading\"> 03 de Junio- NI UNA MENOS<\/h2>\n\n\n\n<h6 class=\"wp-block-heading\">Una escuela\u2026<br>40 a\u00f1os de historia.<br>15 a\u00f1os de E.S.I.<br>7 a\u00f1os del primer <strong>NI UNA MENOS<\/strong>.<br>Una pregunta que nos hacemos desde el colectivo de educadores que sostenemos el Proyecto Institucional de E.S.I en la formaci\u00f3n del Zarela.<br>\u00bfCu\u00e1les son los modos y maneras de \u00ab<strong>hacer una escuela<\/strong>\u00abque garantice la E.S.I.?<br>Hoy marchamos en nuestra praxis, desde las estad\u00edsticas que nos interpelan.<\/h6>\n\n\n\n<figure class=\"wp-block-video aligncenter\"><video controls src=\"https:\/\/drive.google.com\/drive\/u\/4\/folders\/1qF_sROFhzolxFkmqrvWUDZ04D-gKlVP_\"><\/video><figcaption>Intervenci\u00f3n Institucional, 03 de Junio\/2022- #NI UNA MENOS<\/figcaption><\/figure>\n\n\n\n<p><\/p>\n","protected":false},"excerpt":{"rendered":"<p>1982-2022\u00abPor una Educaci\u00f3n que garantiza Derechos\u00bb En el marco de nuestro 40 Aniversario como Instituto de Educaci\u00f3n Superior dedicado a la FORMACI\u00d3N DOCENTE y a la FORMACI\u00d3N T\u00c9CNICA PROFESIONAL, es nuestra l\u00ednea de acci\u00f3n fundamental, fortalecer y afianzar el objetivo primordial de REVISAR Y REPENSAR LA FORMACI\u00d3N EN CLAVE DE E.S.I., es decir desde una &#8230; <a title=\"Cronograma Actividades 2022\" class=\"read-more\" href=\"https:\/\/istoledo-cba.infd.edu.ar\/sitio\/cronograma-actividades-2022\/\" aria-label=\"More on Cronograma Actividades 2022\">[+]<\/a><\/p>\n","protected":false},"author":7,"featured_media":0,"parent":0,"menu_order":0,"comment_status":"closed","ping_status":"closed","template":"","meta":[],"acf":[],"_links":{"self":[{"href":"https:\/\/istoledo-cba.infd.edu.ar\/sitio\/wp-json\/wp\/v2\/pages\/2734"}],"collection":[{"href":"https:\/\/istoledo-cba.infd.edu.ar\/sitio\/wp-json\/wp\/v2\/pages"}],"about":[{"href":"https:\/\/istoledo-cba.infd.edu.ar\/sitio\/wp-json\/wp\/v2\/types\/page"}],"author":[{"embeddable":true,"href":"https:\/\/istoledo-cba.infd.edu.ar\/sitio\/wp-json\/wp\/v2\/users\/7"}],"replies":[{"embeddable":true,"href":"https:\/\/istoledo-cba.infd.edu.ar\/sitio\/wp-json\/wp\/v2\/comments?post=2734"}],"version-history":[{"count":4,"href":"https:\/\/istoledo-cba.infd.edu.ar\/sitio\/wp-json\/wp\/v2\/pages\/2734\/revisions"}],"predecessor-version":[{"id":2830,"href":"https:\/\/istoledo-cba.infd.edu.ar\/sitio\/wp-json\/wp\/v2\/pages\/2734\/revisions\/2830"}],"wp:attachment":[{"href":"https:\/\/istoledo-cba.infd.edu.ar\/sitio\/wp-json\/wp\/v2\/media?parent=2734"}],"curies":[{"name":"wp","href":"https:\/\/api.w.org\/{rel}","templated":true}]}}