{"id":896,"date":"2018-08-30T11:44:22","date_gmt":"2018-08-30T14:44:22","guid":{"rendered":"https:\/\/istoledo-cba.infd.edu.ar\/sitio\/carreras\/"},"modified":"2025-11-17T10:54:56","modified_gmt":"2025-11-17T13:54:56","slug":"carreras","status":"publish","type":"page","link":"https:\/\/istoledo-cba.infd.edu.ar\/sitio\/carreras\/","title":{"rendered":"OFERTA EDUCATIVA"},"content":{"rendered":"\n<h2 class=\"wp-block-heading\"><mark style=\"background-color:rgba(0, 0, 0, 0)\" class=\"has-inline-color has-vivid-red-color\">Carreras de Formaci\u00f3n Docente <\/mark><\/h2>\n\n\n\n<h4 class=\"wp-block-heading\">Profesorado de Educaci\u00f3n Inicial<\/h4>\n\n\n\n<ul>\n<li><strong><mark style=\"background-color:rgba(0, 0, 0, 0)\" class=\"has-inline-color has-accent-color\">Cursado en Sede Jes\u00fas Mar\u00eda<\/mark><\/strong><\/li>\n\n\n\n<li><span style=\"color: #ff0000;\"><strong><mark style=\"background-color:rgba(0, 0, 0, 0)\" class=\"has-inline-color has-accent-color\">Extensi\u00f3n \u00e1ulica a T\u00e9rmino- cohorte 2023- Cursado en San Francisco del Cha\u00f1ar<\/mark><\/strong><\/span>.<\/li>\n<\/ul>\n\n\n\n<h4 class=\"wp-block-heading\">Profesorado de Educaci\u00f3n Primaria<\/h4>\n\n\n\n<ul>\n<li><strong><mark style=\"background-color:rgba(0, 0, 0, 0)\" class=\"has-inline-color has-accent-color\">Cursado en Sede Jes\u00fas Mar\u00eda<\/mark><\/strong><\/li>\n<\/ul>\n\n\n\n<h4 class=\"wp-block-heading\">Profesorado de Educaci\u00f3n Secundaria en Matem\u00e1tica<\/h4>\n\n\n\n<ul>\n<li><strong><mark style=\"background-color:rgba(0, 0, 0, 0)\" class=\"has-inline-color has-accent-color\">Cursado en Sede Jes\u00fas Mar\u00eda<\/mark><\/strong><\/li>\n<\/ul>\n\n\n\n<h4 class=\"wp-block-heading\">Profesorado de Educaci\u00f3n Secundaria en F\u00edsica<\/h4>\n\n\n\n<ul>\n<li><strong><mark style=\"background-color:rgba(0, 0, 0, 0)\" class=\"has-inline-color has-accent-color\">Cursado en Sede Jes\u00fas Mar\u00eda -cohortes 2023- 2024- 2026- en Tronco com\u00fan con Prof. Educ. Sec. Matem\u00e1tica <\/mark><\/strong><\/li>\n<\/ul>\n\n\n\n<h4 class=\"wp-block-heading\">Profesorado de Educaci\u00f3n Secundaria en Qu\u00edmica<\/h4>\n\n\n\n<ul>\n<li><strong><mark style=\"background-color:rgba(0, 0, 0, 0)\" class=\"has-inline-color has-accent-color\">Cohorte 2025 a t\u00e9rmino &#8211; <\/mark><\/strong><mark style=\"background-color:rgba(0, 0, 0, 0)\" class=\"has-inline-color has-accent-color\"><strong>Cursado en Sede Jes\u00fas Mar\u00eda<\/strong><\/mark><\/li>\n<\/ul>\n\n\n\n<h4 class=\"wp-block-heading\">Profesorado de Educaci\u00f3n Tecnol\u00f3gica<\/h4>\n\n\n\n<ul>\n<li><strong><mark style=\"background-color:rgba(0, 0, 0, 0)\" class=\"has-inline-color has-accent-color\">Cohorte 2026 a t\u00e9rmino &#8211; Cursado en Anexo Sebasti\u00e1n Elcano<\/mark><\/strong><\/li>\n<\/ul>\n\n\n\n<h4 class=\"wp-block-heading\">Profesorado de Ingl\u00e9s<\/h4>\n\n\n\n<ul>\n<li><strong><mark style=\"background-color:rgba(0, 0, 0, 0)\" class=\"has-inline-color has-accent-color\">Cohorte  2026 a t\u00e9rmino &#8211; Cursado en Extensi\u00f3n \u00c1ulica Salsipuedes<\/mark><\/strong><\/li>\n<\/ul>\n\n\n\n<h2 class=\"wp-block-heading\"><mark style=\"background-color:rgba(0, 0, 0, 0)\" class=\"has-inline-color has-vivid-red-color\">Carrera de Formaci\u00f3n T\u00e9cnica Profesional<\/mark><\/h2>\n\n\n\n<h4 class=\"wp-block-heading\">Tecnicatura Superior en Administraci\u00f3n <\/h4>\n\n\n\n<ul>\n<li><strong><mark style=\"background-color:rgba(0, 0, 0, 0)\" class=\"has-inline-color has-accent-color\">Cursado en Sede Jes\u00fas Mar\u00eda<\/mark><\/strong><\/li>\n<\/ul>\n\n\n\n<h4 class=\"wp-block-heading\">Tecnicatura Superior en Maquinaria y Equipos Agropecuarios <\/h4>\n\n\n\n<ul>\n<li><mark style=\"background-color:rgba(0, 0, 0, 0)\" class=\"has-inline-color has-accent-color\"><strong>Cursado en Sede Jes\u00fas Mar\u00eda<\/strong><\/mark><\/li>\n<\/ul>\n\n\n\n<h4 class=\"wp-block-heading\">Tecnicatura Superior en Gu\u00eda de Turismo<\/h4>\n\n\n\n<ul>\n<li><strong><mark style=\"background-color:rgba(0, 0, 0, 0)\" class=\"has-inline-color has-accent-color\">Cohorte 2026 &#8211; Cursado en Anexo Sebasti\u00e1n Elcano<\/mark><\/strong><\/li>\n<\/ul>\n\n\n\n<h4 class=\"wp-block-heading\">Tecnicatura Superior en Marketing Digital<\/h4>\n\n\n\n<ul>\n<li><strong><mark style=\"background-color:rgba(0, 0, 0, 0)\" class=\"has-inline-color has-accent-color\">Cohorte 2026 &#8211; Cursado en Nodo Colonia Caroya<\/mark><\/strong><\/li>\n<\/ul>\n\n\n<div class=\"wp-block-image\">\n<figure class=\"aligncenter size-large is-resized\"><img decoding=\"async\" loading=\"lazy\" src=\"https:\/\/istoledo-cba.infd.edu.ar\/sitio\/wp-content\/uploads\/2021\/05\/LOGO-ZARELA.png\" alt=\"\" class=\"wp-image-2145\" width=\"89\" height=\"85\"\/><\/figure><\/div>","protected":false},"excerpt":{"rendered":"<p>Carreras de Formaci\u00f3n Docente Profesorado de Educaci\u00f3n Inicial Profesorado de Educaci\u00f3n Primaria Profesorado de Educaci\u00f3n Secundaria en Matem\u00e1tica Profesorado de Educaci\u00f3n Secundaria en F\u00edsica Profesorado de Educaci\u00f3n Secundaria en Qu\u00edmica Profesorado de Educaci\u00f3n Tecnol\u00f3gica Profesorado de Ingl\u00e9s Carrera de Formaci\u00f3n T\u00e9cnica Profesional Tecnicatura Superior en Administraci\u00f3n Tecnicatura Superior en Maquinaria y Equipos Agropecuarios Tecnicatura Superior &#8230; <a title=\"OFERTA EDUCATIVA\" class=\"read-more\" href=\"https:\/\/istoledo-cba.infd.edu.ar\/sitio\/carreras\/\" aria-label=\"More on OFERTA EDUCATIVA\">[+]<\/a><\/p>\n","protected":false},"author":753,"featured_media":0,"parent":0,"menu_order":0,"comment_status":"closed","ping_status":"closed","template":"","meta":[],"acf":[],"_links":{"self":[{"href":"https:\/\/istoledo-cba.infd.edu.ar\/sitio\/wp-json\/wp\/v2\/pages\/896"}],"collection":[{"href":"https:\/\/istoledo-cba.infd.edu.ar\/sitio\/wp-json\/wp\/v2\/pages"}],"about":[{"href":"https:\/\/istoledo-cba.infd.edu.ar\/sitio\/wp-json\/wp\/v2\/types\/page"}],"author":[{"embeddable":true,"href":"https:\/\/istoledo-cba.infd.edu.ar\/sitio\/wp-json\/wp\/v2\/users\/753"}],"replies":[{"embeddable":true,"href":"https:\/\/istoledo-cba.infd.edu.ar\/sitio\/wp-json\/wp\/v2\/comments?post=896"}],"version-history":[{"count":32,"href":"https:\/\/istoledo-cba.infd.edu.ar\/sitio\/wp-json\/wp\/v2\/pages\/896\/revisions"}],"predecessor-version":[{"id":4010,"href":"https:\/\/istoledo-cba.infd.edu.ar\/sitio\/wp-json\/wp\/v2\/pages\/896\/revisions\/4010"}],"wp:attachment":[{"href":"https:\/\/istoledo-cba.infd.edu.ar\/sitio\/wp-json\/wp\/v2\/media?parent=896"}],"curies":[{"name":"wp","href":"https:\/\/api.w.org\/{rel}","templated":true}]}}