{"id":902,"date":"2018-08-30T11:44:24","date_gmt":"2018-08-30T14:44:24","guid":{"rendered":"https:\/\/istoledo-cba.infd.edu.ar\/sitio\/asociacion-cooperadora\/"},"modified":"2022-12-13T12:59:02","modified_gmt":"2022-12-13T15:59:02","slug":"asociacion-cooperadora","status":"publish","type":"page","link":"https:\/\/istoledo-cba.infd.edu.ar\/sitio\/asociacion-cooperadora\/","title":{"rendered":"ASOCIACI\u00d3N COOPERADORA"},"content":{"rendered":"\n<h2 class=\"wp-block-heading\">Asociaci\u00f3n Cooperadora- Simple Asociaci\u00f3n-<\/h2>\n\n\n\n<div class=\"wp-block-image\"><figure class=\"aligncenter size-large is-resized\"><img decoding=\"async\" loading=\"lazy\" src=\"https:\/\/istoledo-cba.infd.edu.ar\/sitio\/wp-content\/uploads\/2022\/03\/muneca-rusa.jpg\" alt=\"\" class=\"wp-image-2505\" width=\"360\" height=\"222\" srcset=\"https:\/\/istoledo-cba.infd.edu.ar\/sitio\/wp-content\/uploads\/2022\/03\/muneca-rusa.jpg 1248w, https:\/\/istoledo-cba.infd.edu.ar\/sitio\/wp-content\/uploads\/2022\/03\/muneca-rusa-1000x617.jpg 1000w, https:\/\/istoledo-cba.infd.edu.ar\/sitio\/wp-content\/uploads\/2022\/03\/muneca-rusa-768x474.jpg 768w\" sizes=\"(max-width: 360px) 100vw, 360px\" \/><figcaption>\u00abSer Arte y Parte\u00bb<\/figcaption><\/figure><\/div>\n\n\n\n<p>En todos las distintas instituciones de todos niveles educativos existe una ASOCIACI\u00d3N COOPERADORA. Las Asociaciones Cooperadoras son organizaciones creadas para brindar un espacio m\u00e1s de construcci\u00f3n democr\u00e1tica y de ciudadan\u00eda en las instituciones educativas, garantizando la participaci\u00f3n de la comunidad educativa en los procesos estructurantes de las instituciones escolares.<\/p>\n\n\n\n<p>En el Nivel Superior, las&nbsp;<strong>Asociaciones Cooperadoras &nbsp;<\/strong>se encuentran integradas por docentes y estudiantes que pertenecen al Instituto de Formaci\u00f3n. Si bien su objetivo es amplio y diverso, la acci\u00f3n de estas entidades debe estar fundamentalmente orientada al mejoramiento de las condiciones materiales e infraestructura de la instituci\u00f3n. En tal sentido, debe identificar sus necesidades, participar de la gesti\u00f3n y de la administraci\u00f3n de sus bienes y sus recursos econ\u00f3micos.<\/p>\n\n\n\n<p>A partir de la CONTRIBUCI\u00d3N ANUAL que se realiza al iniciar el CICLO LECTIVO, cada estudiante se constituye en SOCIO ACTIVO con derecho a participar de la ASAMBLEA GENERAL ANUAL y &nbsp;a ocupar cargos en la COMISI\u00d3N DIRECTIVA y en la COMISI\u00d3N REVISORA DE CUENTAS. Estas Comisiones tienen un periodo de duraci\u00f3n de 2 (dos) a\u00f1os en funci\u00f3n con posibilidad y son reelegibles.<\/p>\n\n\n\n<p>Quienes formamos parte del <strong>Inst. Sup. Zarela Moyano de Toledo<\/strong> estamos convencidos de la IMPORTANCIA FORMATIVA que tiene PARTICIPAR DE ESTOS ESPACIOS DE TOMA DE DECISIONES, a la vez que otro modo de asumir nuestro lema institucional \u201c<strong>SER ARTE Y PARTE\u201d<\/strong>. Con esta intenci\u00f3n queremos invitarl@s a acercarse a \u201c<em>hacer escuela<\/em>\u201d desde este otro lugar estrat\u00e9gico.<\/p>\n\n\n\n<h5 class=\"wp-block-heading\"><a rel=\"noreferrer noopener\" href=\"https:\/\/istoledo-cba.infd.edu.ar\/sitio\/wp-content\/uploads\/2022\/03\/7-Estatuto_coop._ZMT.pdf\" data-type=\"URL\" data-id=\"https:\/\/istoledo-cba.infd.edu.ar\/sitio\/wp-content\/uploads\/2022\/03\/7-Estatuto_coop._ZMT.pdf\" target=\"_blank\">Estatuto Social de la Asoc. Coop. I.S. Zarela Moyano de Toledo <\/a><\/h5>\n\n\n\n<h5 class=\"wp-block-heading\"><a rel=\"noreferrer noopener\" href=\"https:\/\/istoledo-cba.infd.edu.ar\/sitio\/wp-content\/uploads\/2022\/03\/Acta_constitutiva_cooperadora_1_9_files_merged.pdf\" data-type=\"URL\" data-id=\"https:\/\/istoledo-cba.infd.edu.ar\/sitio\/wp-content\/uploads\/2022\/03\/Acta_constitutiva_cooperadora_1_9_files_merged.pdf\" target=\"_blank\">Acta Constitutiva<\/a> <\/h5>\n\n\n\n<h5 class=\"wp-block-heading\"><a href=\"https:\/\/istoledo-cba.infd.edu.ar\/sitio\/wp-content\/uploads\/2022\/09\/Resolucion-163_2019-SCE-IS-Zarela-Moyano-de-Toledo-JESUS-MARIA-1.pdf\" data-type=\"URL\" data-id=\"https:\/\/istoledo-cba.infd.edu.ar\/sitio\/wp-content\/uploads\/2022\/09\/Resolucion-163_2019-SCE-IS-Zarela-Moyano-de-Toledo-JESUS-MARIA-1.pdf\" target=\"_blank\" rel=\"noreferrer noopener\">Resoluci\u00f3n de RECONOCIMIENTO para la Inscripci\u00f3n en el RePACE- Resoluci\u00f3n S.C.E. N\u00b0 163\/2019<\/a><\/h5>\n\n\n\n<h5 class=\"wp-block-heading\"><a href=\"https:\/\/istoledo-cba.infd.edu.ar\/sitio\/integrantes-de-la-comision-directiva\/\" data-type=\"URL\" data-id=\"https:\/\/istoledo-cba.infd.edu.ar\/sitio\/integrantes-de-la-comision-directiva\/\" target=\"_blank\" rel=\"noreferrer noopener\">Comisi\u00f3n Directiva- Periodo 2022-2024<\/a><\/h5>\n\n\n\n<h5 class=\"wp-block-heading\"><a href=\"https:\/\/istoledo-cba.infd.edu.ar\/sitio\/estado-de-recursos-y-gastos\/\" data-type=\"URL\" data-id=\"https:\/\/istoledo-cba.infd.edu.ar\/sitio\/estado-de-recursos-y-gastos\/\" target=\"_blank\" rel=\"noreferrer noopener\">Estado de Recursos y Gastos<\/a><\/h5>\n\n\n\n<div class=\"wp-block-image\"><figure class=\"aligncenter size-large is-resized\"><img decoding=\"async\" loading=\"lazy\" src=\"https:\/\/istoledo-cba.infd.edu.ar\/sitio\/wp-content\/uploads\/2022\/03\/logo-coop.-zarela.jpg\" alt=\"\" class=\"wp-image-2504\" width=\"233\" height=\"206\"\/><\/figure><\/div>\n","protected":false},"excerpt":{"rendered":"<p>Asociaci\u00f3n Cooperadora- Simple Asociaci\u00f3n- En todos las distintas instituciones de todos niveles educativos existe una ASOCIACI\u00d3N COOPERADORA. Las Asociaciones Cooperadoras son organizaciones creadas para brindar un espacio m\u00e1s de construcci\u00f3n democr\u00e1tica y de ciudadan\u00eda en las instituciones educativas, garantizando la participaci\u00f3n de la comunidad educativa en los procesos estructurantes de las instituciones escolares. En el &#8230; <a title=\"ASOCIACI\u00d3N COOPERADORA\" class=\"read-more\" href=\"https:\/\/istoledo-cba.infd.edu.ar\/sitio\/asociacion-cooperadora\/\" aria-label=\"More on ASOCIACI\u00d3N COOPERADORA\">[+]<\/a><\/p>\n","protected":false},"author":753,"featured_media":0,"parent":0,"menu_order":0,"comment_status":"closed","ping_status":"closed","template":"","meta":[],"acf":[],"_links":{"self":[{"href":"https:\/\/istoledo-cba.infd.edu.ar\/sitio\/wp-json\/wp\/v2\/pages\/902"}],"collection":[{"href":"https:\/\/istoledo-cba.infd.edu.ar\/sitio\/wp-json\/wp\/v2\/pages"}],"about":[{"href":"https:\/\/istoledo-cba.infd.edu.ar\/sitio\/wp-json\/wp\/v2\/types\/page"}],"author":[{"embeddable":true,"href":"https:\/\/istoledo-cba.infd.edu.ar\/sitio\/wp-json\/wp\/v2\/users\/753"}],"replies":[{"embeddable":true,"href":"https:\/\/istoledo-cba.infd.edu.ar\/sitio\/wp-json\/wp\/v2\/comments?post=902"}],"version-history":[{"count":22,"href":"https:\/\/istoledo-cba.infd.edu.ar\/sitio\/wp-json\/wp\/v2\/pages\/902\/revisions"}],"predecessor-version":[{"id":3082,"href":"https:\/\/istoledo-cba.infd.edu.ar\/sitio\/wp-json\/wp\/v2\/pages\/902\/revisions\/3082"}],"wp:attachment":[{"href":"https:\/\/istoledo-cba.infd.edu.ar\/sitio\/wp-json\/wp\/v2\/media?parent=902"}],"curies":[{"name":"wp","href":"https:\/\/api.w.org\/{rel}","templated":true}]}}