{"id":968,"date":"2018-08-30T11:44:50","date_gmt":"2018-08-30T14:44:50","guid":{"rendered":"https:\/\/istoledo-cba.infd.edu.ar\/sitio\/reglamento-academico-institucional\/"},"modified":"2026-03-12T16:35:03","modified_gmt":"2026-03-12T19:35:03","slug":"reglamento-academico-institucional","status":"publish","type":"page","link":"https:\/\/istoledo-cba.infd.edu.ar\/sitio\/reglamento-academico-institucional\/","title":{"rendered":"Reglamento Acad\u00e9mico Institucional"},"content":{"rendered":"<p>El Reglamento Institucional est\u00e1 en revisi\u00f3n. Hasta tanto finalice este proceso, la dimensi\u00f3n acad\u00e9mica se organizar\u00e1 y regular\u00e1 exclusivamente seg\u00fan la<a href=\"https:\/\/drive.google.com\/file\/d\/1BqlYjpSBqvWybZkUmWoMdINcs_DEODDu\/view?usp=sharing\"> Res.298\/25 &#8211; R\u00e9gimen Acad\u00e9mico Marco<\/a>.<\/p>\n","protected":false},"excerpt":{"rendered":"<p>El Reglamento Institucional est\u00e1 en revisi\u00f3n. Hasta tanto finalice este proceso, la dimensi\u00f3n acad\u00e9mica se organizar\u00e1 y regular\u00e1 exclusivamente seg\u00fan la Res.298\/25 &#8211; R\u00e9gimen Acad\u00e9mico Marco.<\/p>\n","protected":false},"author":753,"featured_media":0,"parent":0,"menu_order":0,"comment_status":"closed","ping_status":"closed","template":"","meta":[],"acf":[],"_links":{"self":[{"href":"https:\/\/istoledo-cba.infd.edu.ar\/sitio\/wp-json\/wp\/v2\/pages\/968"}],"collection":[{"href":"https:\/\/istoledo-cba.infd.edu.ar\/sitio\/wp-json\/wp\/v2\/pages"}],"about":[{"href":"https:\/\/istoledo-cba.infd.edu.ar\/sitio\/wp-json\/wp\/v2\/types\/page"}],"author":[{"embeddable":true,"href":"https:\/\/istoledo-cba.infd.edu.ar\/sitio\/wp-json\/wp\/v2\/users\/753"}],"replies":[{"embeddable":true,"href":"https:\/\/istoledo-cba.infd.edu.ar\/sitio\/wp-json\/wp\/v2\/comments?post=968"}],"version-history":[{"count":3,"href":"https:\/\/istoledo-cba.infd.edu.ar\/sitio\/wp-json\/wp\/v2\/pages\/968\/revisions"}],"predecessor-version":[{"id":4139,"href":"https:\/\/istoledo-cba.infd.edu.ar\/sitio\/wp-json\/wp\/v2\/pages\/968\/revisions\/4139"}],"wp:attachment":[{"href":"https:\/\/istoledo-cba.infd.edu.ar\/sitio\/wp-json\/wp\/v2\/media?parent=968"}],"curies":[{"name":"wp","href":"https:\/\/api.w.org\/{rel}","templated":true}]}}