{"id":976,"date":"2018-08-30T11:44:53","date_gmt":"2018-08-30T14:44:53","guid":{"rendered":"https:\/\/istoledo-cba.infd.edu.ar\/sitio\/consejo-institucional\/"},"modified":"2023-12-12T08:40:33","modified_gmt":"2023-12-12T11:40:33","slug":"consejo-institucional","status":"publish","type":"page","link":"https:\/\/istoledo-cba.infd.edu.ar\/sitio\/consejo-institucional\/","title":{"rendered":"Consejo Institucional- Periodo 2022-2024"},"content":{"rendered":"<p><strong><u>Claustro Docente:<\/u><\/strong><\/p>\n<p><strong>TITULARES<\/strong><\/p>\n<p>ACEVEDO, Romina<br \/>CRUZ, Emilse Soledad\u00a0<br \/>GIACINTI, Gladys\u00a0<br \/>MERCADO, Gustavo Ariel\u00a0<br \/>SERAFINI, Carina\u00a0<br \/>TORCHIO, CAROLINA\u00a0<\/p>\n<p><strong>SUPLENTES<\/strong><\/p>\n<p>ENRIQUEZ, Reynaldo N\u00e9stor\u00a0<br \/>FERREYRA, Mar\u00eda Soledad\u00a0<\/p>\n<p><strong><u>Claustro Estudiantil:<\/u><\/strong><\/p>\n<p>BRUSASCA, Georgina\u00a0<br \/>MICHELOTTI, Lucrecia\u00a0<br \/>SILGUERO, Cecilia<br \/>\u00c1LVAREZ, Nicole<\/p>\n<p><strong>SUPLENTES<\/strong><\/p>\n<p>NU\u00d1EZ, Tania\u00a0<br \/>ROSSET, Brenda\u00a0<br \/>ZELARRAY\u00c1N, Renzo\u00a0<\/p>\n<p>La elecci\u00f3n del Nuevo Consejo Institucional se llev\u00f3 a cabo en las Jornadas votaciones en las que participaron docentes y estudiantes, y que concluyeron con el <strong><a href=\"https:\/\/istoledo-cba.infd.edu.ar\/sitio\/wp-content\/uploads\/2022\/10\/Acto-Clausura-Escrutinio.pdf\" target=\"_blank\" rel=\"noopener\">escrutinio final el 12 de setiembre\/2022<\/a>.<\/strong> Sus miembros tomaron posesi\u00f3n de su cargo en el <strong>d\u00eda 22 de setiembre\/2022<\/strong> en una Reuni\u00f3n Convocada por la Directora a los fines de:<\/p>\n<ol>\n<li>Dar inicio al Periodo Funciones del Consejo Institucional elegido para el Periodo 2022-2024.<\/li>\n<li>Acordar modalidad de reuniones y v\u00edas de comunicaci\u00f3n.<\/li>\n<li>Presentar Agenda de Trabajo 2022: Revisi\u00f3n de Acuerdos Institucionales de Convivencia y Construcci\u00f3n del R.O.I.<\/li>\n<li>Informar novedades en relaci\u00f3n a los PROYECTOS DE FORTALECIMIENTO INSTITUCIONAL, l\u00edneas de Acci\u00f3n.<\/li>\n<\/ol>\n\n<div class=\"wp-block-image\">\n<figure class=\"aligncenter size-large is-resized\"><img decoding=\"async\" loading=\"lazy\" src=\"https:\/\/istoledo-cba.infd.edu.ar\/sitio\/wp-content\/uploads\/2022\/10\/LOGO-IS-ZMT-40-anos.jpg\" alt=\"\" class=\"wp-image-2869\" width=\"180\" height=\"135\" srcset=\"https:\/\/istoledo-cba.infd.edu.ar\/sitio\/wp-content\/uploads\/2022\/10\/LOGO-IS-ZMT-40-anos.jpg 960w, https:\/\/istoledo-cba.infd.edu.ar\/sitio\/wp-content\/uploads\/2022\/10\/LOGO-IS-ZMT-40-anos-768x576.jpg 768w\" sizes=\"(max-width: 180px) 100vw, 180px\" \/><\/figure><\/div>","protected":false},"excerpt":{"rendered":"<p>Claustro Docente: TITULARES ACEVEDO, RominaCRUZ, Emilse Soledad\u00a0GIACINTI, Gladys\u00a0MERCADO, Gustavo Ariel\u00a0SERAFINI, Carina\u00a0TORCHIO, CAROLINA\u00a0 SUPLENTES ENRIQUEZ, Reynaldo N\u00e9stor\u00a0FERREYRA, Mar\u00eda Soledad\u00a0 Claustro Estudiantil: BRUSASCA, Georgina\u00a0MICHELOTTI, Lucrecia\u00a0SILGUERO, Cecilia\u00c1LVAREZ, Nicole SUPLENTES NU\u00d1EZ, Tania\u00a0ROSSET, Brenda\u00a0ZELARRAY\u00c1N, Renzo\u00a0 La elecci\u00f3n del Nuevo Consejo Institucional se llev\u00f3 a cabo en las Jornadas votaciones en las que participaron docentes y estudiantes, y que concluyeron con &#8230; <a title=\"Consejo Institucional- Periodo 2022-2024\" class=\"read-more\" href=\"https:\/\/istoledo-cba.infd.edu.ar\/sitio\/consejo-institucional\/\" aria-label=\"More on Consejo Institucional- Periodo 2022-2024\">[+]<\/a><\/p>\n","protected":false},"author":753,"featured_media":0,"parent":0,"menu_order":0,"comment_status":"closed","ping_status":"closed","template":"","meta":[],"acf":[],"_links":{"self":[{"href":"https:\/\/istoledo-cba.infd.edu.ar\/sitio\/wp-json\/wp\/v2\/pages\/976"}],"collection":[{"href":"https:\/\/istoledo-cba.infd.edu.ar\/sitio\/wp-json\/wp\/v2\/pages"}],"about":[{"href":"https:\/\/istoledo-cba.infd.edu.ar\/sitio\/wp-json\/wp\/v2\/types\/page"}],"author":[{"embeddable":true,"href":"https:\/\/istoledo-cba.infd.edu.ar\/sitio\/wp-json\/wp\/v2\/users\/753"}],"replies":[{"embeddable":true,"href":"https:\/\/istoledo-cba.infd.edu.ar\/sitio\/wp-json\/wp\/v2\/comments?post=976"}],"version-history":[{"count":9,"href":"https:\/\/istoledo-cba.infd.edu.ar\/sitio\/wp-json\/wp\/v2\/pages\/976\/revisions"}],"predecessor-version":[{"id":3555,"href":"https:\/\/istoledo-cba.infd.edu.ar\/sitio\/wp-json\/wp\/v2\/pages\/976\/revisions\/3555"}],"wp:attachment":[{"href":"https:\/\/istoledo-cba.infd.edu.ar\/sitio\/wp-json\/wp\/v2\/media?parent=976"}],"curies":[{"name":"wp","href":"https:\/\/api.w.org\/{rel}","templated":true}]}}